{"id":230029,"date":"2020-03-17T19:01:02","date_gmt":"2020-03-18T00:01:02","guid":{"rendered":"https:\/\/www.almacenflotablanca.com\/web\/?post_type=product&#038;p=230029"},"modified":"2026-04-15T16:11:01","modified_gmt":"2026-04-15T21:11:01","slug":"adaptacion-polea-recto-corta-sport-fitness-071119-kfep-101-cromada","status":"publish","type":"product","link":"https:\/\/www.almacenflotablanca.com\/web\/producto\/adaptacion-polea-recto-corta-sport-fitness-071119-kfep-101-cromada\/","title":{"rendered":"Adaptacion Polea Recto Corta Sport Fitness 071119 Kfep-101 Cromada"},"content":{"rendered":"<p>Resistencia efectiva para el fortalecimiento muscular, notificaci\u00f3n y entrenamiento de movilidad, satisfacci\u00f3n garantizada, en su adaptaci\u00f3n de polea recta.<\/p>\n","protected":false},"excerpt":{"rendered":"<p>Resistencia efectiva para el fortalecimiento muscular, notificaci\u00f3n y entrenamiento de movilidad, satisfacci\u00f3n garantizada, en su adaptaci\u00f3n de polea recta.<\/p>\n","protected":false},"featured_media":233400,"template":"","meta":{"_et_pb_use_builder":"","_et_pb_old_content":"","_et_gb_content_width":""},"product_brand":[],"product_cat":[153],"product_tag":[],"class_list":{"0":"post-230029","1":"product","2":"type-product","3":"status-publish","4":"has-post-thumbnail","6":"product_cat-adaptaciones","8":"first","9":"instock","10":"taxable","11":"shipping-taxable","12":"purchasable","13":"product-type-simple"},"_links":{"self":[{"href":"https:\/\/www.almacenflotablanca.com\/web\/wp-json\/wp\/v2\/product\/230029","targetHints":{"allow":["GET"]}}],"collection":[{"href":"https:\/\/www.almacenflotablanca.com\/web\/wp-json\/wp\/v2\/product"}],"about":[{"href":"https:\/\/www.almacenflotablanca.com\/web\/wp-json\/wp\/v2\/types\/product"}],"wp:featuredmedia":[{"embeddable":true,"href":"https:\/\/www.almacenflotablanca.com\/web\/wp-json\/wp\/v2\/media\/233400"}],"wp:attachment":[{"href":"https:\/\/www.almacenflotablanca.com\/web\/wp-json\/wp\/v2\/media?parent=230029"}],"wp:term":[{"taxonomy":"product_brand","embeddable":true,"href":"https:\/\/www.almacenflotablanca.com\/web\/wp-json\/wp\/v2\/product_brand?post=230029"},{"taxonomy":"product_cat","embeddable":true,"href":"https:\/\/www.almacenflotablanca.com\/web\/wp-json\/wp\/v2\/product_cat?post=230029"},{"taxonomy":"product_tag","embeddable":true,"href":"https:\/\/www.almacenflotablanca.com\/web\/wp-json\/wp\/v2\/product_tag?post=230029"}],"curies":[{"name":"wp","href":"https:\/\/api.w.org\/{rel}","templated":true}]}}