{"id":230395,"date":"2020-04-24T18:10:04","date_gmt":"2020-04-24T23:10:04","guid":{"rendered":"https:\/\/www.almacenflotablanca.com\/web\/?post_type=product&#038;p=230395"},"modified":"2026-04-15T16:12:04","modified_gmt":"2026-04-15T21:12:04","slug":"tubo-resistencia-intercambiable-sportiva-negro","status":"publish","type":"product","link":"https:\/\/www.almacenflotablanca.com\/web\/producto\/tubo-resistencia-intercambiable-sportiva-negro\/","title":{"rendered":"Tubo Resistencia Intercambiable Sportiva negro"},"content":{"rendered":"<p>Tubo de resistencia intercambiable. Las ligas de resistencia son tubos de l\u00e1tex utilizados para calentamiento y entrenamiento de fuerza. Es un equipo de ejercicio ligero, port\u00e1til y que ahorra espacio. Dise\u00f1ado para desarrollar de manera efectiva la fuerza muscular y tonificar el cuerpo. Nivel de resistencia diferente para adaptarse a los niveles progresivos de entrenamiento de fuerza. Ayudar a construir la fuerza,\u00a0con todo el cuerpo entrenamientos adaptable para m\u00faltiples niveles de condici\u00f3n f\u00edsica\u00a0por lo que estas bandas son excelentes para el estudio de ritmo r\u00e1pido.<\/p>\n","protected":false},"excerpt":{"rendered":"<ul>\n<li>Uso: dom\u00e9stico<\/li>\n<li>Entrenamiento funcional<\/li>\n<li>Soporte<\/li>\n<li>\u00a0Color: Azul<\/li>\n<\/ul>\n","protected":false},"featured_media":233362,"template":"","meta":{"_et_pb_use_builder":"","_et_pb_old_content":"","_et_gb_content_width":""},"product_brand":[],"product_cat":[53,137],"product_tag":[],"class_list":{"0":"post-230395","1":"product","2":"type-product","3":"status-publish","4":"has-post-thumbnail","6":"product_cat-accesorios-deportivos","7":"product_cat-bandas","9":"first","10":"instock","11":"taxable","12":"shipping-taxable","13":"purchasable","14":"product-type-simple"},"_links":{"self":[{"href":"https:\/\/www.almacenflotablanca.com\/web\/wp-json\/wp\/v2\/product\/230395","targetHints":{"allow":["GET"]}}],"collection":[{"href":"https:\/\/www.almacenflotablanca.com\/web\/wp-json\/wp\/v2\/product"}],"about":[{"href":"https:\/\/www.almacenflotablanca.com\/web\/wp-json\/wp\/v2\/types\/product"}],"wp:featuredmedia":[{"embeddable":true,"href":"https:\/\/www.almacenflotablanca.com\/web\/wp-json\/wp\/v2\/media\/233362"}],"wp:attachment":[{"href":"https:\/\/www.almacenflotablanca.com\/web\/wp-json\/wp\/v2\/media?parent=230395"}],"wp:term":[{"taxonomy":"product_brand","embeddable":true,"href":"https:\/\/www.almacenflotablanca.com\/web\/wp-json\/wp\/v2\/product_brand?post=230395"},{"taxonomy":"product_cat","embeddable":true,"href":"https:\/\/www.almacenflotablanca.com\/web\/wp-json\/wp\/v2\/product_cat?post=230395"},{"taxonomy":"product_tag","embeddable":true,"href":"https:\/\/www.almacenflotablanca.com\/web\/wp-json\/wp\/v2\/product_tag?post=230395"}],"curies":[{"name":"wp","href":"https:\/\/api.w.org\/{rel}","templated":true}]}}