{"id":231671,"date":"2020-08-29T23:37:50","date_gmt":"2020-08-30T04:37:50","guid":{"rendered":"https:\/\/www.almacenflotablanca.com\/web\/?post_type=product&#038;p=231671"},"modified":"2026-04-15T16:11:07","modified_gmt":"2026-04-15T21:11:07","slug":"lazo-para-salto-sport-fitness-negro","status":"publish","type":"product","link":"https:\/\/www.almacenflotablanca.com\/web\/producto\/lazo-para-salto-sport-fitness-negro\/","title":{"rendered":"Lazo Para Salto Sport Fitness Negro"},"content":{"rendered":"<p>Lazo Para Saltar De Guaya, Sport Fitness, 071336, esta lazo cuenta con unos materiales de construcci\u00f3n bastante buenos que lo que buscan es ofrecerle al usuario una sensaci\u00f3n de seguridad y de duraci\u00f3n bastante buenas, cuenta con un rodamiento en la parte superior de los mangos para hacer a\u00fan m\u00e1s r\u00e1pido cada repetici\u00f3n, este lazo se puede ajustar a la estatura del usuario para que le sea a\u00fan m\u00e1s c\u00f3modo el uso de esta, la marca sport fitness hace bastantes productos para hacer deporte.<\/p>\n","protected":false},"excerpt":{"rendered":"<p>Lazo Para Saltar De Guaya, Sport Fitness, 071336, esta lazo cuenta con unos materiales de construcci\u00f3n bastante buenos que lo que buscan es ofrecerle al usuario una sensaci\u00f3n de seguridad y de duraci\u00f3n bastante buenas, cuenta con un rodamiento en la parte superior de los mangos para hacer a\u00fan m\u00e1s r\u00e1pido cada repetici\u00f3n, este lazo [&hellip;]<\/p>\n","protected":false},"featured_media":233166,"template":"","meta":{"_et_pb_use_builder":"","_et_pb_old_content":"","_et_gb_content_width":""},"product_brand":[],"product_cat":[141],"product_tag":[],"class_list":{"0":"post-231671","1":"product","2":"type-product","3":"status-publish","4":"has-post-thumbnail","6":"product_cat-lazos","8":"first","9":"instock","10":"taxable","11":"shipping-taxable","12":"purchasable","13":"product-type-simple"},"_links":{"self":[{"href":"https:\/\/www.almacenflotablanca.com\/web\/wp-json\/wp\/v2\/product\/231671","targetHints":{"allow":["GET"]}}],"collection":[{"href":"https:\/\/www.almacenflotablanca.com\/web\/wp-json\/wp\/v2\/product"}],"about":[{"href":"https:\/\/www.almacenflotablanca.com\/web\/wp-json\/wp\/v2\/types\/product"}],"wp:featuredmedia":[{"embeddable":true,"href":"https:\/\/www.almacenflotablanca.com\/web\/wp-json\/wp\/v2\/media\/233166"}],"wp:attachment":[{"href":"https:\/\/www.almacenflotablanca.com\/web\/wp-json\/wp\/v2\/media?parent=231671"}],"wp:term":[{"taxonomy":"product_brand","embeddable":true,"href":"https:\/\/www.almacenflotablanca.com\/web\/wp-json\/wp\/v2\/product_brand?post=231671"},{"taxonomy":"product_cat","embeddable":true,"href":"https:\/\/www.almacenflotablanca.com\/web\/wp-json\/wp\/v2\/product_cat?post=231671"},{"taxonomy":"product_tag","embeddable":true,"href":"https:\/\/www.almacenflotablanca.com\/web\/wp-json\/wp\/v2\/product_tag?post=231671"}],"curies":[{"name":"wp","href":"https:\/\/api.w.org\/{rel}","templated":true}]}}