{"id":231716,"date":"2020-09-09T18:44:02","date_gmt":"2020-09-09T23:44:02","guid":{"rendered":"https:\/\/www.almacenflotablanca.com\/web\/?post_type=product&#038;p=231716"},"modified":"2026-04-15T16:11:27","modified_gmt":"2026-04-15T21:11:27","slug":"kit-bandas-elasticas-profit-multicolor","status":"publish","type":"product","link":"https:\/\/www.almacenflotablanca.com\/web\/producto\/kit-bandas-elasticas-profit-multicolor\/","title":{"rendered":"Kit Bandas El\u00e1sticas Profit Multicolor"},"content":{"rendered":"<p>Pr\u00e1ctico donde quieras: La banda el\u00e1stica es el equipo de entrenamiento de gimnasio m\u00e1s compacto, liviano y f\u00e1cil de llevar consigo siempre. \u00a1Simplifique sus ejercicios en casa, en el gimnasio o incluso en la oficina! Tambi\u00e9n es el equipo recomendado de fisioterapia, ya sea que se est\u00e9 recuperando de una lesi\u00f3n o debilidad muscular, debido a su formato sin peso basado en el entrenamiento de tensi\u00f3n.<br \/>\n Ideal para entrenamiento en casa Bandas Rehabilitaci\u00f3n, entrenamiento y fuerza Ideal para Yoga y PilatesNo ocupa mucho espacio y podr\u00e1s entrenar con ella<\/p>\n","protected":false},"excerpt":{"rendered":"<ul>\n<li> &#8211; Uso: Hogar <\/li>\n<li> &#8211; El\u00e1stica y r\u00edgida <\/li>\n<li> &#8211; Multicolor amarilla, azul, roja <\/li>\n<\/ul>\n","protected":false},"featured_media":233120,"template":"","meta":{"_et_pb_use_builder":"","_et_pb_old_content":"","_et_gb_content_width":""},"product_brand":[],"product_cat":[137],"product_tag":[],"class_list":{"0":"post-231716","1":"product","2":"type-product","3":"status-publish","4":"has-post-thumbnail","6":"product_cat-bandas","8":"first","9":"outofstock","10":"taxable","11":"shipping-taxable","12":"purchasable","13":"product-type-simple"},"_links":{"self":[{"href":"https:\/\/www.almacenflotablanca.com\/web\/wp-json\/wp\/v2\/product\/231716","targetHints":{"allow":["GET"]}}],"collection":[{"href":"https:\/\/www.almacenflotablanca.com\/web\/wp-json\/wp\/v2\/product"}],"about":[{"href":"https:\/\/www.almacenflotablanca.com\/web\/wp-json\/wp\/v2\/types\/product"}],"wp:featuredmedia":[{"embeddable":true,"href":"https:\/\/www.almacenflotablanca.com\/web\/wp-json\/wp\/v2\/media\/233120"}],"wp:attachment":[{"href":"https:\/\/www.almacenflotablanca.com\/web\/wp-json\/wp\/v2\/media?parent=231716"}],"wp:term":[{"taxonomy":"product_brand","embeddable":true,"href":"https:\/\/www.almacenflotablanca.com\/web\/wp-json\/wp\/v2\/product_brand?post=231716"},{"taxonomy":"product_cat","embeddable":true,"href":"https:\/\/www.almacenflotablanca.com\/web\/wp-json\/wp\/v2\/product_cat?post=231716"},{"taxonomy":"product_tag","embeddable":true,"href":"https:\/\/www.almacenflotablanca.com\/web\/wp-json\/wp\/v2\/product_tag?post=231716"}],"curies":[{"name":"wp","href":"https:\/\/api.w.org\/{rel}","templated":true}]}}