{"id":232213,"date":"2021-06-13T13:42:09","date_gmt":"2021-06-13T18:42:09","guid":{"rendered":"https:\/\/www.almacenflotablanca.com\/web\/?post_type=product&#038;p=232213"},"modified":"2026-04-15T16:10:53","modified_gmt":"2026-04-15T21:10:53","slug":"bicicleta-mtb-gw-jaguar-marco-en-aluminio-azul","status":"publish","type":"product","link":"https:\/\/www.almacenflotablanca.com\/web\/producto\/bicicleta-mtb-gw-jaguar-marco-en-aluminio-azul\/","title":{"rendered":"Bicicleta MTB Gw Jaguar Marco En Aluminio Azul"},"content":{"rendered":"<p>Tenedor de Bloqueo. Ca\u00f1a en Aluminio GW. Manubrio en Aluminio GW. Cambios Shimano Integrado 7 Vel, triplato Gw Aluminio tensor Shimano. Descarrilador Shimano. Pacha Shimano 7 Vel.\u00a0Llantas 29 x 2.0 Labrado Mix sillin Aerodinamico pedales 9\/16. Marco en Aluminio Gw Jaguar Fundas Internas. Tenedor de Bloqueo Ca\u00f1a en Aluminio GW. Manubrio en Aluminio GW Cambios Shimano Integrado 7 Vel los frenos de Disco Mec\u00e1nicos. Triplato Gw Aluminio tensor Shimano. Descarrilador Shimano. Tambi\u00e9n Incluye pedales debajo de la silla. Incluye Factura de compra r\u00e9gimen com\u00fan, incluye Tarjeta de propiedad.<\/p>\n<p>Con gran dise\u00f1o y rendimiento para que lleves al m\u00e1ximo tus rodadas pedaleando por terrenos asombrosos. GW JAGUAR Rin 29\u2033\u201d te permite rodar en todo tipo de terreno con habilidades sobre humanas y convertirte en un Jaguar. Rin 29\u2033\u201d viene equipada con sistema de cambios Shimano Tourney 7 Velocidades \/ 21 cambios. Cuenta con un sistema de mando de cambios de palancas Integradas JAGUAR DE GW que permiten mantener excelente relaci\u00f3n para los diferentes caminos que quieras recorrer. Con suspensi\u00f3n delantera GW de Bloqueo al hombro.<\/p>\n","protected":false},"excerpt":{"rendered":"<ul>\n<li>&#8211; Marco en Aluminio Gw Jaguar Fundas Internas<\/li>\n<li>&#8211; Cambios Shimano Integrado 7 Vel<\/li>\n<li>&#8211; Frenos de Disco Mec\u00e1nicos<\/li>\n<li>&#8211; Llantas 29 x 2.0 Labrado Mix<\/li>\n<\/ul>\n","protected":false},"featured_media":233057,"template":"","meta":{"_et_pb_use_builder":"","_et_pb_old_content":"","_et_gb_content_width":""},"product_brand":[],"product_cat":[74],"product_tag":[],"class_list":{"0":"post-232213","1":"product","2":"type-product","3":"status-publish","4":"has-post-thumbnail","6":"product_cat-bicicletas","8":"first","9":"outofstock","10":"taxable","11":"shipping-taxable","12":"purchasable","13":"product-type-simple"},"_links":{"self":[{"href":"https:\/\/www.almacenflotablanca.com\/web\/wp-json\/wp\/v2\/product\/232213","targetHints":{"allow":["GET"]}}],"collection":[{"href":"https:\/\/www.almacenflotablanca.com\/web\/wp-json\/wp\/v2\/product"}],"about":[{"href":"https:\/\/www.almacenflotablanca.com\/web\/wp-json\/wp\/v2\/types\/product"}],"wp:featuredmedia":[{"embeddable":true,"href":"https:\/\/www.almacenflotablanca.com\/web\/wp-json\/wp\/v2\/media\/233057"}],"wp:attachment":[{"href":"https:\/\/www.almacenflotablanca.com\/web\/wp-json\/wp\/v2\/media?parent=232213"}],"wp:term":[{"taxonomy":"product_brand","embeddable":true,"href":"https:\/\/www.almacenflotablanca.com\/web\/wp-json\/wp\/v2\/product_brand?post=232213"},{"taxonomy":"product_cat","embeddable":true,"href":"https:\/\/www.almacenflotablanca.com\/web\/wp-json\/wp\/v2\/product_cat?post=232213"},{"taxonomy":"product_tag","embeddable":true,"href":"https:\/\/www.almacenflotablanca.com\/web\/wp-json\/wp\/v2\/product_tag?post=232213"}],"curies":[{"name":"wp","href":"https:\/\/api.w.org\/{rel}","templated":true}]}}