{"id":232220,"date":"2021-01-15T16:31:31","date_gmt":"2021-01-15T21:31:31","guid":{"rendered":"https:\/\/www.almacenflotablanca.com\/web\/?post_type=product&#038;p=232220"},"modified":"2026-04-15T16:11:01","modified_gmt":"2026-04-15T21:11:01","slug":"bicicleta-spinning-urbino-sport-fitness-negra","status":"publish","type":"product","link":"https:\/\/www.almacenflotablanca.com\/web\/producto\/bicicleta-spinning-urbino-sport-fitness-negra\/","title":{"rendered":"Bicicleta Spinning Urbino Sport Fitness Negra"},"content":{"rendered":"<p>Su estructura en hierro, la pintura electrost\u00e1tica peso de volante 10 Kg, monitor que indica: Velocidad &#8211; Distancia &#8211; Calor\u00edas el gal\u00e1pago en espuma de alta densidad. Medidas. Largo.100,5cm Ancho.49,5cm Alto.115cm el sistema de arrastre: banda.<\/p>\n","protected":false},"excerpt":{"rendered":"<p>Su estructura en hierro, la pintura electrost\u00e1tica peso de volante 10 Kg, monitor que indica: Velocidad &#8211; Distancia &#8211; Calor\u00edas el gal\u00e1pago en espuma de alta densidad. Medidas. Largo.100,5cm Ancho.49,5cm Alto.115cm el sistema de arrastre: banda.<\/p>\n","protected":false},"featured_media":233046,"template":"","meta":{"_et_pb_use_builder":"","_et_pb_old_content":"","_et_gb_content_width":""},"product_brand":[],"product_cat":[62],"product_tag":[],"class_list":{"0":"post-232220","1":"product","2":"type-product","3":"status-publish","4":"has-post-thumbnail","6":"product_cat-bicicletas-spinning","8":"first","9":"instock","10":"taxable","11":"shipping-taxable","12":"purchasable","13":"product-type-simple"},"_links":{"self":[{"href":"https:\/\/www.almacenflotablanca.com\/web\/wp-json\/wp\/v2\/product\/232220","targetHints":{"allow":["GET"]}}],"collection":[{"href":"https:\/\/www.almacenflotablanca.com\/web\/wp-json\/wp\/v2\/product"}],"about":[{"href":"https:\/\/www.almacenflotablanca.com\/web\/wp-json\/wp\/v2\/types\/product"}],"wp:featuredmedia":[{"embeddable":true,"href":"https:\/\/www.almacenflotablanca.com\/web\/wp-json\/wp\/v2\/media\/233046"}],"wp:attachment":[{"href":"https:\/\/www.almacenflotablanca.com\/web\/wp-json\/wp\/v2\/media?parent=232220"}],"wp:term":[{"taxonomy":"product_brand","embeddable":true,"href":"https:\/\/www.almacenflotablanca.com\/web\/wp-json\/wp\/v2\/product_brand?post=232220"},{"taxonomy":"product_cat","embeddable":true,"href":"https:\/\/www.almacenflotablanca.com\/web\/wp-json\/wp\/v2\/product_cat?post=232220"},{"taxonomy":"product_tag","embeddable":true,"href":"https:\/\/www.almacenflotablanca.com\/web\/wp-json\/wp\/v2\/product_tag?post=232220"}],"curies":[{"name":"wp","href":"https:\/\/api.w.org\/{rel}","templated":true}]}}