{"id":232604,"date":"2021-04-30T00:33:35","date_gmt":"2021-04-30T05:33:35","guid":{"rendered":"https:\/\/www.almacenflotablanca.com\/web\/producto\/rack-para-discos-estandar-sport-fitness-negro\/"},"modified":"2026-04-15T16:11:09","modified_gmt":"2026-04-15T21:11:09","slug":"rack-para-discos-estandar-sport-fitness-negro","status":"publish","type":"product","link":"https:\/\/www.almacenflotablanca.com\/web\/producto\/rack-para-discos-estandar-sport-fitness-negro\/","title":{"rendered":"Rack Para Discos Est\u00e1ndar Sport fitness Negro"},"content":{"rendered":"<p>Rack Para Discos Est\u00e1ndar Sport fitness Negro, este rack cuenta con unos materiales de construcci\u00f3n bastante Buenos que le brindan al usuario una sensaci\u00f3n de seguridad y de durabilidad, ya que ellos hacen productos para gimnasios de una excelente duraci\u00f3n, este rack cuenta con 6 soportes para discos ol\u00edmpicos, la pintura es electrost\u00e1tica para una duraci\u00f3n de la pintura extendida.<\/p>\n","protected":false},"excerpt":{"rendered":"<p>Rack Para Discos Est\u00e1ndar Sport fitness Negro, este rack cuenta con unos materiales de construcci\u00f3n bastante Buenos que le brindan al usuario una sensaci\u00f3n de seguridad y de durabilidad, ya que ellos hacen productos para gimnasios de una excelente duraci\u00f3n, este rack cuenta con 6 soportes para discos ol\u00edmpicos, la pintura es electrost\u00e1tica para una [&hellip;]<\/p>\n","protected":false},"featured_media":232603,"template":"","meta":{"_et_pb_use_builder":"","_et_pb_old_content":"","_et_gb_content_width":""},"product_brand":[],"product_cat":[146,135],"product_tag":[],"class_list":{"0":"post-232604","1":"product","2":"type-product","3":"status-publish","4":"has-post-thumbnail","6":"product_cat-discos","7":"product_cat-fuerza","9":"first","10":"instock","11":"taxable","12":"shipping-taxable","13":"purchasable","14":"product-type-simple"},"_links":{"self":[{"href":"https:\/\/www.almacenflotablanca.com\/web\/wp-json\/wp\/v2\/product\/232604","targetHints":{"allow":["GET"]}}],"collection":[{"href":"https:\/\/www.almacenflotablanca.com\/web\/wp-json\/wp\/v2\/product"}],"about":[{"href":"https:\/\/www.almacenflotablanca.com\/web\/wp-json\/wp\/v2\/types\/product"}],"wp:featuredmedia":[{"embeddable":true,"href":"https:\/\/www.almacenflotablanca.com\/web\/wp-json\/wp\/v2\/media\/232603"}],"wp:attachment":[{"href":"https:\/\/www.almacenflotablanca.com\/web\/wp-json\/wp\/v2\/media?parent=232604"}],"wp:term":[{"taxonomy":"product_brand","embeddable":true,"href":"https:\/\/www.almacenflotablanca.com\/web\/wp-json\/wp\/v2\/product_brand?post=232604"},{"taxonomy":"product_cat","embeddable":true,"href":"https:\/\/www.almacenflotablanca.com\/web\/wp-json\/wp\/v2\/product_cat?post=232604"},{"taxonomy":"product_tag","embeddable":true,"href":"https:\/\/www.almacenflotablanca.com\/web\/wp-json\/wp\/v2\/product_tag?post=232604"}],"curies":[{"name":"wp","href":"https:\/\/api.w.org\/{rel}","templated":true}]}}