{"id":232662,"date":"2021-05-10T15:00:25","date_gmt":"2021-05-10T20:00:25","guid":{"rendered":"https:\/\/www.almacenflotablanca.com\/web\/producto\/bicicleta-deer-rin-27-5-8-vel-gw-azul\/"},"modified":"2026-04-15T16:10:43","modified_gmt":"2026-04-15T21:10:43","slug":"bicicleta-deer-rin-27-5-8-vel-gw-azul","status":"publish","type":"product","link":"https:\/\/www.almacenflotablanca.com\/web\/producto\/bicicleta-deer-rin-27-5-8-vel-gw-azul\/","title":{"rendered":"Bicicleta Deer Rin 27.5 8 Vel Gw Azul"},"content":{"rendered":"<p>Bicicleta Deer Rin 27.5 8 Vel Gw Azul, viene con algo adicional para esos que quieren ser m\u00e1s atrevidos en sus trochas, un sistema de frenos hidr\u00e1ulicos GW y una suspensi\u00f3n con un bloqueo en el hombro hacen parte de las caracter\u00edsticas que te llevaran cada vez m\u00e1s all\u00e1, con SHIMANO en algunas partes y accesorios en aluminio al mejor costo beneficio. DEER de la l\u00ednea ZOE un modelo inspirado en ellas, con la geometr\u00eda que estabas buscando para la mejor comodidad y desempe\u00f1o.<\/p>\n","protected":false},"excerpt":{"rendered":"<ul>\n<li>&#8211; Marco 27.5 Gw aluminio hidroformado<\/li>\n<li>&#8211; Freno disco hidr\u00e1ulico Gw<\/li>\n<li>&#8211; 8 cambios (24) velocidades<\/li>\n<li>&#8211; Accesorios en aluminio Gw<\/li>\n<\/ul>\n","protected":false},"featured_media":232658,"template":"","meta":{"_et_pb_use_builder":"","_et_pb_old_content":"","_et_gb_content_width":""},"product_brand":[],"product_cat":[74,138],"product_tag":[],"class_list":{"0":"post-232662","1":"product","2":"type-product","3":"status-publish","4":"has-post-thumbnail","6":"product_cat-bicicletas","7":"product_cat-bicicletas-de-montana","9":"first","10":"outofstock","11":"taxable","12":"shipping-taxable","13":"purchasable","14":"product-type-simple"},"_links":{"self":[{"href":"https:\/\/www.almacenflotablanca.com\/web\/wp-json\/wp\/v2\/product\/232662","targetHints":{"allow":["GET"]}}],"collection":[{"href":"https:\/\/www.almacenflotablanca.com\/web\/wp-json\/wp\/v2\/product"}],"about":[{"href":"https:\/\/www.almacenflotablanca.com\/web\/wp-json\/wp\/v2\/types\/product"}],"wp:featuredmedia":[{"embeddable":true,"href":"https:\/\/www.almacenflotablanca.com\/web\/wp-json\/wp\/v2\/media\/232658"}],"wp:attachment":[{"href":"https:\/\/www.almacenflotablanca.com\/web\/wp-json\/wp\/v2\/media?parent=232662"}],"wp:term":[{"taxonomy":"product_brand","embeddable":true,"href":"https:\/\/www.almacenflotablanca.com\/web\/wp-json\/wp\/v2\/product_brand?post=232662"},{"taxonomy":"product_cat","embeddable":true,"href":"https:\/\/www.almacenflotablanca.com\/web\/wp-json\/wp\/v2\/product_cat?post=232662"},{"taxonomy":"product_tag","embeddable":true,"href":"https:\/\/www.almacenflotablanca.com\/web\/wp-json\/wp\/v2\/product_tag?post=232662"}],"curies":[{"name":"wp","href":"https:\/\/api.w.org\/{rel}","templated":true}]}}