{"id":232677,"date":"2021-05-10T20:24:38","date_gmt":"2021-05-11T01:24:38","guid":{"rendered":"https:\/\/www.almacenflotablanca.com\/web\/producto\/bicicleta-tracking-rin-27-5-piranha-negro\/"},"modified":"2026-04-15T16:11:32","modified_gmt":"2026-04-15T21:11:32","slug":"bicicleta-tracking-rin-27-5-piranha-negro","status":"publish","type":"product","link":"https:\/\/www.almacenflotablanca.com\/web\/producto\/bicicleta-tracking-rin-27-5-piranha-negro\/","title":{"rendered":"Bicicleta Tracking Rin 27.5 Piranha Negro"},"content":{"rendered":"<p>Bicicleta Tracking Rin 27.5 Piranha Negro, marco hidroformado en aluminio con mordazas para freno de disco internas. Frente c\u00f3nico de competencia, soldadura de frente tipo carbono cajas de direcci\u00f3n neco, cableado interno. Tenedor de de bloqueo con hombro en aluminio freno de disco hidr\u00e1ulico LOGAN, palancas integradas de 8, SHIMANO es decir 24 velocidades.<\/p>\n","protected":false},"excerpt":{"rendered":"<ul>\n<li> &#8211; Manubrio en aluminio <\/li>\n<li> &#8211; Ca\u00f1a en aluminio <\/li>\n<li> &#8211; Poste y abrazadera de sill\u00edn en aluminio <\/li>\n<li> &#8211; Manzanas en aluminio <\/li>\n<li> &#8211; Pacha de 8 velocidades <\/li>\n<\/ul>\n","protected":false},"featured_media":232673,"template":"","meta":{"_et_pb_use_builder":"","_et_pb_old_content":"","_et_gb_content_width":""},"product_brand":[],"product_cat":[74,138],"product_tag":[],"class_list":{"0":"post-232677","1":"product","2":"type-product","3":"status-publish","4":"has-post-thumbnail","6":"product_cat-bicicletas","7":"product_cat-bicicletas-de-montana","9":"first","10":"outofstock","11":"taxable","12":"shipping-taxable","13":"purchasable","14":"product-type-simple"},"_links":{"self":[{"href":"https:\/\/www.almacenflotablanca.com\/web\/wp-json\/wp\/v2\/product\/232677","targetHints":{"allow":["GET"]}}],"collection":[{"href":"https:\/\/www.almacenflotablanca.com\/web\/wp-json\/wp\/v2\/product"}],"about":[{"href":"https:\/\/www.almacenflotablanca.com\/web\/wp-json\/wp\/v2\/types\/product"}],"wp:featuredmedia":[{"embeddable":true,"href":"https:\/\/www.almacenflotablanca.com\/web\/wp-json\/wp\/v2\/media\/232673"}],"wp:attachment":[{"href":"https:\/\/www.almacenflotablanca.com\/web\/wp-json\/wp\/v2\/media?parent=232677"}],"wp:term":[{"taxonomy":"product_brand","embeddable":true,"href":"https:\/\/www.almacenflotablanca.com\/web\/wp-json\/wp\/v2\/product_brand?post=232677"},{"taxonomy":"product_cat","embeddable":true,"href":"https:\/\/www.almacenflotablanca.com\/web\/wp-json\/wp\/v2\/product_cat?post=232677"},{"taxonomy":"product_tag","embeddable":true,"href":"https:\/\/www.almacenflotablanca.com\/web\/wp-json\/wp\/v2\/product_tag?post=232677"}],"curies":[{"name":"wp","href":"https:\/\/api.w.org\/{rel}","templated":true}]}}