{"id":232688,"date":"2021-05-11T15:42:54","date_gmt":"2021-05-11T20:42:54","guid":{"rendered":"https:\/\/www.almacenflotablanca.com\/web\/producto\/luz-delantera-bc12-led-gw-negra\/"},"modified":"2026-04-15T16:11:57","modified_gmt":"2026-04-15T21:11:57","slug":"luz-delantera-bc12-led-gw-negra","status":"publish","type":"product","link":"https:\/\/www.almacenflotablanca.com\/web\/producto\/luz-delantera-bc12-led-gw-negra\/","title":{"rendered":"Luz Delantera Bc12 Led Gw Negra"},"content":{"rendered":"<p>Luz Delantera Bc12 Led Gw Negra, luz Led Gw 500 l\u00famenes 3 Modos de Iluminaci\u00f3n fija, 3 modos de iluminaci\u00f3n m\u00e1s se\u00f1alizaci\u00f3n intermitentE. Bater\u00eda interna Recargable por USB incluye cable USB a mini Usb base para instalar al manilar con -Abrazadera en caucho, no debe entrar el agua. Bater\u00eda: Pol\u00edmero de alta calidad, el ciclo de cargas puede alcanzar las 1000 veces.<\/p>\n","protected":false},"excerpt":{"rendered":"<p>Luz Delantera Bc12 Led Gw Negra, luz Led Gw 500 l\u00famenes 3 Modos de Iluminaci\u00f3n fija, 3 modos de iluminaci\u00f3n m\u00e1s se\u00f1alizaci\u00f3n intermitentE. Bater\u00eda interna Recargable por USB incluye cable USB a mini Usb base para instalar al manilar con -Abrazadera en caucho, no debe entrar el agua. Bater\u00eda: Pol\u00edmero de alta calidad, el ciclo [&hellip;]<\/p>\n","protected":false},"featured_media":232687,"template":"","meta":{"_et_pb_use_builder":"","_et_pb_old_content":"","_et_gb_content_width":""},"product_brand":[],"product_cat":[53,159],"product_tag":[],"class_list":{"0":"post-232688","1":"product","2":"type-product","3":"status-publish","4":"has-post-thumbnail","6":"product_cat-accesorios-deportivos","7":"product_cat-agilidad","9":"first","10":"instock","11":"taxable","12":"shipping-taxable","13":"purchasable","14":"product-type-simple"},"_links":{"self":[{"href":"https:\/\/www.almacenflotablanca.com\/web\/wp-json\/wp\/v2\/product\/232688","targetHints":{"allow":["GET"]}}],"collection":[{"href":"https:\/\/www.almacenflotablanca.com\/web\/wp-json\/wp\/v2\/product"}],"about":[{"href":"https:\/\/www.almacenflotablanca.com\/web\/wp-json\/wp\/v2\/types\/product"}],"wp:featuredmedia":[{"embeddable":true,"href":"https:\/\/www.almacenflotablanca.com\/web\/wp-json\/wp\/v2\/media\/232687"}],"wp:attachment":[{"href":"https:\/\/www.almacenflotablanca.com\/web\/wp-json\/wp\/v2\/media?parent=232688"}],"wp:term":[{"taxonomy":"product_brand","embeddable":true,"href":"https:\/\/www.almacenflotablanca.com\/web\/wp-json\/wp\/v2\/product_brand?post=232688"},{"taxonomy":"product_cat","embeddable":true,"href":"https:\/\/www.almacenflotablanca.com\/web\/wp-json\/wp\/v2\/product_cat?post=232688"},{"taxonomy":"product_tag","embeddable":true,"href":"https:\/\/www.almacenflotablanca.com\/web\/wp-json\/wp\/v2\/product_tag?post=232688"}],"curies":[{"name":"wp","href":"https:\/\/api.w.org\/{rel}","templated":true}]}}