{"id":232882,"date":"2021-06-28T01:48:15","date_gmt":"2021-06-28T06:48:15","guid":{"rendered":"https:\/\/www.almacenflotablanca.com\/web\/producto\/bicicleta-rin-28-de-turismo-eastman-negra\/"},"modified":"2026-04-15T16:12:18","modified_gmt":"2026-04-15T21:12:18","slug":"bicicleta-rin-28-de-turismo-eastman-negra","status":"publish","type":"product","link":"https:\/\/www.almacenflotablanca.com\/web\/producto\/bicicleta-rin-28-de-turismo-eastman-negra\/","title":{"rendered":"Bicicleta Rin 28 De Turismo Eastman Negra"},"content":{"rendered":"<p>Bicicleta Rin 28 De Turismo Eastman Negra, marca Eastman estilo retro antiguo. Es una marca insignia, por su utilidad y por su prestigio. La famosa Eastman es una bicicleta cl\u00e1sica, \u00fatil, pero por encima de cualquier cosa, de excelente calidad. Las rese\u00f1as halagan el rendimiento de los materiales y la exigencia de cuidado, la medida de altura puede variar pues el sill\u00edn se puede subir seg\u00fan la altura de la persona. Adem\u00e1s, nuestras bicicletas proporcionan la resistencia que siempre has buscado en una bici, permiti\u00e9ndote recorrer cortas o largas distancias<\/p>\n<p>Descripci\u00f3n de freno: Freno V Delantero y Trasero<br \/>\nTipo: Bicicletas urbanas<br \/>\nDescripci\u00f3n de marco: Acero<br \/>\nBiela: Acero<br \/>\nDescripci\u00f3n de biela: Acero<br \/>\nDescripci\u00f3n de pi\u00f1\u00f3n: Acero<br \/>\nManubrio: Acero<br \/>\nPedal: Pl\u00e1stico<\/p>\n","protected":false},"excerpt":{"rendered":"<ul>\n<li>&#8211; Material del marco: Acero<\/li>\n<li>&#8211; Plato de 44 dientes<\/li>\n<li>&#8211; Pi\u00f1\u00f3n n\u00famero 24<\/li>\n<li>&#8211; Tipo de freno: V-brake<\/li>\n<li>&#8211; Cantidad de velocidades: 1<\/li>\n<\/ul>\n","protected":false},"featured_media":232879,"template":"","meta":{"_et_pb_use_builder":"","_et_pb_old_content":"","_et_gb_content_width":""},"product_brand":[],"product_cat":[74,117],"product_tag":[],"class_list":{"0":"post-232882","1":"product","2":"type-product","3":"status-publish","4":"has-post-thumbnail","6":"product_cat-bicicletas","7":"product_cat-bicicletas-de-ruta","9":"first","10":"outofstock","11":"taxable","12":"shipping-taxable","13":"purchasable","14":"product-type-simple"},"_links":{"self":[{"href":"https:\/\/www.almacenflotablanca.com\/web\/wp-json\/wp\/v2\/product\/232882","targetHints":{"allow":["GET"]}}],"collection":[{"href":"https:\/\/www.almacenflotablanca.com\/web\/wp-json\/wp\/v2\/product"}],"about":[{"href":"https:\/\/www.almacenflotablanca.com\/web\/wp-json\/wp\/v2\/types\/product"}],"wp:featuredmedia":[{"embeddable":true,"href":"https:\/\/www.almacenflotablanca.com\/web\/wp-json\/wp\/v2\/media\/232879"}],"wp:attachment":[{"href":"https:\/\/www.almacenflotablanca.com\/web\/wp-json\/wp\/v2\/media?parent=232882"}],"wp:term":[{"taxonomy":"product_brand","embeddable":true,"href":"https:\/\/www.almacenflotablanca.com\/web\/wp-json\/wp\/v2\/product_brand?post=232882"},{"taxonomy":"product_cat","embeddable":true,"href":"https:\/\/www.almacenflotablanca.com\/web\/wp-json\/wp\/v2\/product_cat?post=232882"},{"taxonomy":"product_tag","embeddable":true,"href":"https:\/\/www.almacenflotablanca.com\/web\/wp-json\/wp\/v2\/product_tag?post=232882"}],"curies":[{"name":"wp","href":"https:\/\/api.w.org\/{rel}","templated":true}]}}