{"id":232894,"date":"2021-06-28T15:54:22","date_gmt":"2021-06-28T20:54:22","guid":{"rendered":"https:\/\/www.almacenflotablanca.com\/web\/producto\/bicicleta-nina-rin-12-malibu-gw-azul\/"},"modified":"2026-04-15T16:10:51","modified_gmt":"2026-04-15T21:10:51","slug":"bicicleta-nina-rin-12-malibu-gw-azul","status":"publish","type":"product","link":"https:\/\/www.almacenflotablanca.com\/web\/producto\/bicicleta-nina-rin-12-malibu-gw-azul\/","title":{"rendered":"Bicicleta Ni\u00f1a Rin 12 Malibu Gw Azul"},"content":{"rendered":"<p>Bicicleta Ni\u00f1a Rin 12 Malibu Gw Azul, Gw trae para ti su hermosa Bicicleta modelo Malibu Rin 12 Ideal para ni\u00f1as de 2 a 4 a\u00f1os. Posee una de las cosas m\u00e1s importantes: resistencia; su material de Acero te brinda la durabilidad que necesitas mientras ayuda al desarrollo de aptitudes psicomotrices de tu ni\u00f1a, con ruedas auxiliares para brindarle seguridad, con un timbre que tu peque\u00f1a amar\u00e1 y con un excelente cubrecadena que sirve para proteger la cadena del barro y la suciedad, a la vez que protege a tu ni\u00f1a de no golpearse con esta. Dale a tu ni\u00f1a la estabilidad que necesita, perm\u00edtele ser veloz.<\/p>\n","protected":false},"excerpt":{"rendered":"<ul>\n<li>&#8211; Material del Marco: Acero<\/li>\n<li>&#8211; Aros: Aluminio<\/li>\n<li>&#8211; Tipo de Freno: V-Brake<\/li>\n<li>&#8211; Edades: 2 a 4 a\u00f1os<\/li>\n<\/ul>\n","protected":false},"featured_media":232891,"template":"","meta":{"_et_pb_use_builder":"","_et_pb_old_content":"","_et_gb_content_width":""},"product_brand":[],"product_cat":[74,64],"product_tag":[],"class_list":{"0":"post-232894","1":"product","2":"type-product","3":"status-publish","4":"has-post-thumbnail","6":"product_cat-bicicletas","7":"product_cat-bicicletas-infantiles","9":"first","10":"outofstock","11":"taxable","12":"shipping-taxable","13":"purchasable","14":"product-type-simple"},"_links":{"self":[{"href":"https:\/\/www.almacenflotablanca.com\/web\/wp-json\/wp\/v2\/product\/232894","targetHints":{"allow":["GET"]}}],"collection":[{"href":"https:\/\/www.almacenflotablanca.com\/web\/wp-json\/wp\/v2\/product"}],"about":[{"href":"https:\/\/www.almacenflotablanca.com\/web\/wp-json\/wp\/v2\/types\/product"}],"wp:featuredmedia":[{"embeddable":true,"href":"https:\/\/www.almacenflotablanca.com\/web\/wp-json\/wp\/v2\/media\/232891"}],"wp:attachment":[{"href":"https:\/\/www.almacenflotablanca.com\/web\/wp-json\/wp\/v2\/media?parent=232894"}],"wp:term":[{"taxonomy":"product_brand","embeddable":true,"href":"https:\/\/www.almacenflotablanca.com\/web\/wp-json\/wp\/v2\/product_brand?post=232894"},{"taxonomy":"product_cat","embeddable":true,"href":"https:\/\/www.almacenflotablanca.com\/web\/wp-json\/wp\/v2\/product_cat?post=232894"},{"taxonomy":"product_tag","embeddable":true,"href":"https:\/\/www.almacenflotablanca.com\/web\/wp-json\/wp\/v2\/product_tag?post=232894"}],"curies":[{"name":"wp","href":"https:\/\/api.w.org\/{rel}","templated":true}]}}