{"id":232948,"date":"2021-07-05T22:30:57","date_gmt":"2021-07-06T03:30:57","guid":{"rendered":"https:\/\/www.almacenflotablanca.com\/web\/producto\/bicicleta-de-montana-sagitta-optimus-negro\/"},"modified":"2026-04-15T16:12:15","modified_gmt":"2026-04-15T21:12:15","slug":"bicicleta-de-montana-sagitta-optimus-negro","status":"publish","type":"product","link":"https:\/\/www.almacenflotablanca.com\/web\/producto\/bicicleta-de-montana-sagitta-optimus-negro\/","title":{"rendered":"Bicicleta De monta\u00f1a Sagitta Optimus Negro"},"content":{"rendered":"<p>Bicicleta De monta\u00f1a Sagitta Optimus Negro,<br \/>\nMarco Optimus Aluminio Carbon Looking Type Post Mount Cableado Interno con garant\u00eda de por vida<br \/>\nRin doble pared en aluminio 29\u201d<br \/>\nCorazas Kenda Honey Badger 2*2.20 Doble Prop\u00f3sito<br \/>\nFrenos hidr\u00e1ulicos Shimano MT-200<br \/>\nSuspensi\u00f3n de bloqueo remoto XCR Suntour de aire, recorrido 100mm<br \/>\nMarco con frente c\u00f3nico<br \/>\nTensor Shimano Deore con sistema de bloqueo de rebote 2021<br \/>\nPacha de 12 Velocidades 11\/52<br \/>\nMonoplato Optimus Sagitta Sistema Hollowtech<br \/>\nManzanas de Casette Shimano<\/p>\n<p>Optimus aquila rin 29&#8243;, que te permite descender por las monta\u00f1as con habilidades extraordinarias, dise\u00f1o y rendimiento para que lleves al m\u00e1ximo tus rodadas. El agarre de las ruedas con labrado mtb, permite que tengas mejor desempe\u00f1o y ruedes sobre cualquier tipo de terreno la bici ptimus aquila rin 29&#8243;, viene equipada con shimano altus 9 velocidades, freno de disco hidr\u00e1ulico.<\/p>\n","protected":false},"excerpt":{"rendered":"<ul>\n<li>&#8211; Rin: aluminio doble pared 32h<\/li>\n<li>&#8211; Manillar: optimus sagitta aluminio 760mm\/780mm<\/li>\n<li>&#8211; Potencia: optimus sagitta aluminio 80mm<\/li>\n<li>&#8211; Frenos: shimano hidr\u00e1ulico<\/li>\n<\/ul>\n","protected":false},"featured_media":232942,"template":"","meta":{"_et_pb_use_builder":"","_et_pb_old_content":"","_et_gb_content_width":""},"product_brand":[],"product_cat":[74,138],"product_tag":[],"class_list":{"0":"post-232948","1":"product","2":"type-product","3":"status-publish","4":"has-post-thumbnail","6":"product_cat-bicicletas","7":"product_cat-bicicletas-de-montana","9":"first","10":"outofstock","11":"taxable","12":"shipping-taxable","13":"purchasable","14":"product-type-simple"},"_links":{"self":[{"href":"https:\/\/www.almacenflotablanca.com\/web\/wp-json\/wp\/v2\/product\/232948","targetHints":{"allow":["GET"]}}],"collection":[{"href":"https:\/\/www.almacenflotablanca.com\/web\/wp-json\/wp\/v2\/product"}],"about":[{"href":"https:\/\/www.almacenflotablanca.com\/web\/wp-json\/wp\/v2\/types\/product"}],"wp:featuredmedia":[{"embeddable":true,"href":"https:\/\/www.almacenflotablanca.com\/web\/wp-json\/wp\/v2\/media\/232942"}],"wp:attachment":[{"href":"https:\/\/www.almacenflotablanca.com\/web\/wp-json\/wp\/v2\/media?parent=232948"}],"wp:term":[{"taxonomy":"product_brand","embeddable":true,"href":"https:\/\/www.almacenflotablanca.com\/web\/wp-json\/wp\/v2\/product_brand?post=232948"},{"taxonomy":"product_cat","embeddable":true,"href":"https:\/\/www.almacenflotablanca.com\/web\/wp-json\/wp\/v2\/product_cat?post=232948"},{"taxonomy":"product_tag","embeddable":true,"href":"https:\/\/www.almacenflotablanca.com\/web\/wp-json\/wp\/v2\/product_tag?post=232948"}],"curies":[{"name":"wp","href":"https:\/\/api.w.org\/{rel}","templated":true}]}}