{"id":232976,"date":"2021-07-11T18:03:42","date_gmt":"2021-07-11T23:03:42","guid":{"rendered":"https:\/\/www.almacenflotablanca.com\/web\/producto\/bicicleta-rin-700-sacramento-gw-gris\/"},"modified":"2026-04-15T16:10:51","modified_gmt":"2026-04-15T21:10:51","slug":"bicicleta-rin-700-sacramento-gw-gris","status":"publish","type":"product","link":"https:\/\/www.almacenflotablanca.com\/web\/producto\/bicicleta-rin-700-sacramento-gw-gris\/","title":{"rendered":"Bicicleta Rin 700 Sacramento Gw Gris"},"content":{"rendered":"<p>Bicicleta Rin 700 Sacramento Gw Gris, una bici que puedes usar tanto en la ciudad como en carretera destapada, es la favorita de los riders que desean comenzar en MTB, su caracter\u00edstica m\u00e1s distintiva son las llantas de gravel con las que viene equipada. Los taches bajos de la rueda no afectan la resistencia de rodado en pavimento y brindan cierto agarre en destapado. La altura del manubrio es media, ni muy alta (ciudad), ni muy baja (ruta) d\u00e1ndole una buena comodidad al rider y su tenedor es robusto para la parte gravel.<br \/>\nLos cuales te brindaran la confianza y seguridad que necesitas, Mu\u00e9vete por donde quieras usa tu bicicleta para disfrutar de un d\u00eda de paseo por zonas rurales o para que vayas a tu trabajo, estudio o para que simplemente te diviertas. As\u00ed que aprovecha esta oportunidad y ll\u00e9vate esta excelente bicicleta fabricada y ensamblada especialmente para ti.<\/p>\n","protected":false},"excerpt":{"rendered":"<ul>\n<li>&#8211; Descarrilador: alivio x2 biplato shimano<\/li>\n<li>&#8211; Espiga: gw sacramento aluminio 90\u202fmm+10\u00b0<\/li>\n<li>&#8211; Llantas: cst tirent 700 x 40c<\/li>\n<li>&#8211; Tipo de frenos: disco hidr\u00e1ulico bl\/br \u2013 mt 200<\/li>\n<\/ul>\n","protected":false},"featured_media":232972,"template":"","meta":{"_et_pb_use_builder":"","_et_pb_old_content":"","_et_gb_content_width":""},"product_brand":[],"product_cat":[74,138],"product_tag":[],"class_list":{"0":"post-232976","1":"product","2":"type-product","3":"status-publish","4":"has-post-thumbnail","6":"product_cat-bicicletas","7":"product_cat-bicicletas-de-montana","9":"first","10":"instock","11":"taxable","12":"shipping-taxable","13":"purchasable","14":"product-type-simple"},"_links":{"self":[{"href":"https:\/\/www.almacenflotablanca.com\/web\/wp-json\/wp\/v2\/product\/232976","targetHints":{"allow":["GET"]}}],"collection":[{"href":"https:\/\/www.almacenflotablanca.com\/web\/wp-json\/wp\/v2\/product"}],"about":[{"href":"https:\/\/www.almacenflotablanca.com\/web\/wp-json\/wp\/v2\/types\/product"}],"wp:featuredmedia":[{"embeddable":true,"href":"https:\/\/www.almacenflotablanca.com\/web\/wp-json\/wp\/v2\/media\/232972"}],"wp:attachment":[{"href":"https:\/\/www.almacenflotablanca.com\/web\/wp-json\/wp\/v2\/media?parent=232976"}],"wp:term":[{"taxonomy":"product_brand","embeddable":true,"href":"https:\/\/www.almacenflotablanca.com\/web\/wp-json\/wp\/v2\/product_brand?post=232976"},{"taxonomy":"product_cat","embeddable":true,"href":"https:\/\/www.almacenflotablanca.com\/web\/wp-json\/wp\/v2\/product_cat?post=232976"},{"taxonomy":"product_tag","embeddable":true,"href":"https:\/\/www.almacenflotablanca.com\/web\/wp-json\/wp\/v2\/product_tag?post=232976"}],"curies":[{"name":"wp","href":"https:\/\/api.w.org\/{rel}","templated":true}]}}