{"id":233545,"date":"2021-07-28T11:39:17","date_gmt":"2021-07-28T16:39:17","guid":{"rendered":"https:\/\/www.almacenflotablanca.com\/web\/producto\/gancho-guardaciclas-icetoolz-negro\/"},"modified":"2026-04-15T16:11:55","modified_gmt":"2026-04-15T21:11:55","slug":"gancho-guardaciclas-icetoolz-negro","status":"publish","type":"product","link":"https:\/\/www.almacenflotablanca.com\/web\/producto\/gancho-guardaciclas-icetoolz-negro\/","title":{"rendered":"Gancho Guardaciclas Icetoolz Negro"},"content":{"rendered":"<p>Gancho Guardaciclas Icetoolz Negro, este gancho organizador para colgar bicicleta de ruta o monta\u00f1era directamente en pecho, proteja su bicicleta de ca\u00eddas frecuentes y los muebles y pisos de su hogar. Utilice los pr\u00e1cticos y econ\u00f3micos ganchos guinda bici para colgar de techo o pared su bicicleta. Vers\u00e1til gancho reversible para uso directamente en pared, madera o tablas acanaladas de madera. Los ganchos vienen con cubierta pl\u00e1stica resistente para evitar rayar los rines de su bicicleta.<\/p>\n","protected":false},"excerpt":{"rendered":"<ul>\n<li> &#8211; Material: Acero <\/li>\n<li> &#8211; Posici\u00f3n de Montaje: horizontal <\/li>\n<li> &#8211; Peso m\u00e1ximo soportado: 20 Kg <\/li>\n<\/ul>\n","protected":false},"featured_media":233543,"template":"","meta":{"_et_pb_use_builder":"","_et_pb_old_content":"","_et_gb_content_width":""},"product_brand":[],"product_cat":[179,74],"product_tag":[],"class_list":{"0":"post-233545","1":"product","2":"type-product","3":"status-publish","4":"has-post-thumbnail","6":"product_cat-accesorios","7":"product_cat-bicicletas","9":"first","10":"instock","11":"taxable","12":"shipping-taxable","13":"purchasable","14":"product-type-simple"},"_links":{"self":[{"href":"https:\/\/www.almacenflotablanca.com\/web\/wp-json\/wp\/v2\/product\/233545","targetHints":{"allow":["GET"]}}],"collection":[{"href":"https:\/\/www.almacenflotablanca.com\/web\/wp-json\/wp\/v2\/product"}],"about":[{"href":"https:\/\/www.almacenflotablanca.com\/web\/wp-json\/wp\/v2\/types\/product"}],"wp:featuredmedia":[{"embeddable":true,"href":"https:\/\/www.almacenflotablanca.com\/web\/wp-json\/wp\/v2\/media\/233543"}],"wp:attachment":[{"href":"https:\/\/www.almacenflotablanca.com\/web\/wp-json\/wp\/v2\/media?parent=233545"}],"wp:term":[{"taxonomy":"product_brand","embeddable":true,"href":"https:\/\/www.almacenflotablanca.com\/web\/wp-json\/wp\/v2\/product_brand?post=233545"},{"taxonomy":"product_cat","embeddable":true,"href":"https:\/\/www.almacenflotablanca.com\/web\/wp-json\/wp\/v2\/product_cat?post=233545"},{"taxonomy":"product_tag","embeddable":true,"href":"https:\/\/www.almacenflotablanca.com\/web\/wp-json\/wp\/v2\/product_tag?post=233545"}],"curies":[{"name":"wp","href":"https:\/\/api.w.org\/{rel}","templated":true}]}}