{"id":233720,"date":"2021-09-14T23:57:19","date_gmt":"2021-09-15T04:57:19","guid":{"rendered":"https:\/\/www.almacenflotablanca.com\/web\/producto\/llanta-ruta-3-ultrasport-70025c-continental-negra\/"},"modified":"2026-04-15T16:11:27","modified_gmt":"2026-04-15T21:11:27","slug":"llanta-ruta-3-ultrasport-70025c-continental-negra","status":"publish","type":"product","link":"https:\/\/www.almacenflotablanca.com\/web\/producto\/llanta-ruta-3-ultrasport-70025c-continental-negra\/","title":{"rendered":"Llanta Ruta 3 Ultrasport 700*25c Continental Negra"},"content":{"rendered":"<p>Llanta Ruta 3 Ultrasport 700*25c Continental Negra, la nueva versi\u00f3n del neum\u00e1tico, que es una de las mejores en cuanto a precio \/ calidad. Continental Ultra Sport III es un modelo probado en una nueva edici\u00f3n, perfecto para entrenamientos y primeras competiciones, y en la nueva versi\u00f3n enriquecida con una nueva banda de rodadura y estructura compatible con bicicletas el\u00e9ctricas E-Bike.<br \/>\nLo suficientemente r\u00e1pido para competiciones y entrenamientos, econ\u00f3mico y muy duradero &#8211; bueno para el uso diario alta protecci\u00f3n contra pinchazos. Nueva forma de la banda de rodadura con cortes de drenaje de agua centrales y laterales completamente lisos<\/p>\n","protected":false},"excerpt":{"rendered":"<ul>\n<li> &#8211; Tecnolog\u00eda de laminaci\u00f3n: Performance <\/li>\n<li> &#8211; Dimensiones: 700x25C <\/li>\n<li> &#8211; Trenza: 3\/180 TPI <\/li>\n<li> &#8211; Presi\u00f3n recomendada: 6.5-8.5 bar <\/li>\n<\/ul>\n","protected":false},"featured_media":233717,"template":"","meta":{"_et_pb_use_builder":"","_et_pb_old_content":"","_et_gb_content_width":""},"product_brand":[],"product_cat":[74,180],"product_tag":[],"class_list":{"0":"post-233720","1":"product","2":"type-product","3":"status-publish","4":"has-post-thumbnail","6":"product_cat-bicicletas","7":"product_cat-repuestos","9":"first","10":"instock","11":"taxable","12":"shipping-taxable","13":"purchasable","14":"product-type-simple"},"_links":{"self":[{"href":"https:\/\/www.almacenflotablanca.com\/web\/wp-json\/wp\/v2\/product\/233720","targetHints":{"allow":["GET"]}}],"collection":[{"href":"https:\/\/www.almacenflotablanca.com\/web\/wp-json\/wp\/v2\/product"}],"about":[{"href":"https:\/\/www.almacenflotablanca.com\/web\/wp-json\/wp\/v2\/types\/product"}],"wp:featuredmedia":[{"embeddable":true,"href":"https:\/\/www.almacenflotablanca.com\/web\/wp-json\/wp\/v2\/media\/233717"}],"wp:attachment":[{"href":"https:\/\/www.almacenflotablanca.com\/web\/wp-json\/wp\/v2\/media?parent=233720"}],"wp:term":[{"taxonomy":"product_brand","embeddable":true,"href":"https:\/\/www.almacenflotablanca.com\/web\/wp-json\/wp\/v2\/product_brand?post=233720"},{"taxonomy":"product_cat","embeddable":true,"href":"https:\/\/www.almacenflotablanca.com\/web\/wp-json\/wp\/v2\/product_cat?post=233720"},{"taxonomy":"product_tag","embeddable":true,"href":"https:\/\/www.almacenflotablanca.com\/web\/wp-json\/wp\/v2\/product_tag?post=233720"}],"curies":[{"name":"wp","href":"https:\/\/api.w.org\/{rel}","templated":true}]}}