{"id":233973,"date":"2021-11-17T11:33:30","date_gmt":"2021-11-17T16:33:30","guid":{"rendered":"https:\/\/www.almacenflotablanca.com\/web\/producto\/bicicleta-nino-rin-16-gw-multicolor\/"},"modified":"2026-04-15T16:12:13","modified_gmt":"2026-04-15T21:12:13","slug":"bicicleta-nino-rin-16-gw-multicolor","status":"publish","type":"product","link":"https:\/\/www.almacenflotablanca.com\/web\/producto\/bicicleta-nino-rin-16-gw-multicolor\/","title":{"rendered":"Bicicleta Ni\u00f1o Rin 16 Gw Multicolor"},"content":{"rendered":"<p>Bicicleta\u00a0Ni\u00f1o Rin 16 Gw Multicolor, Excelente producto con ruedas auxiliares y accesorios, calidad gw rin 16. Bicicleta para ni\u00f1os GW Azul con blanco y negro. Ideal para aprendizaje de ni\u00f1os. Tiene pi\u00f1\u00f3n fijo y un plato de velocidad, maneja un sistema de cambios mec\u00e1nicos de zapatas, tiene su guarda barros para evitar salpicaduras. Adicionalmente, cuenta con unos rines de doble pared. Cuenta con una pata para sostener la bicicleta y un sill\u00edn ergon\u00f3mico.<br \/>\nNuestras bicicletas cuentan con componentes de excelente calidad, los cuales te brindaran la confianza y seguridad que necesitas, Mu\u00e9vete por donde quieras, por nuestras hermosas monta\u00f1as o por la ciudad, usa tu bicicleta para disfrutar de un d\u00eda de paseo por zonas rurales o para que vayas a tu trabajo, estudio o para que simplemente te diviertas.<\/p>\n","protected":false},"excerpt":{"rendered":"<ul>\n<li> &#8211; Viene con guarda barros para cada llanta <\/li>\n<li> &#8211; Rines de doble pared <\/li>\n<li> &#8211; Bicicleta: APRENDIZAJE <\/li>\n<li> &#8211; Rodado: 16 <\/li>\n<li> &#8211; Edad apropiada: desde los 4 a\u00f1os hasta 6 a\u00f1os <\/li>\n<\/ul>\n","protected":false},"featured_media":233972,"template":"","meta":{"_et_pb_use_builder":"","_et_pb_old_content":"","_et_gb_content_width":""},"product_brand":[],"product_cat":[74,64],"product_tag":[],"class_list":{"0":"post-233973","1":"product","2":"type-product","3":"status-publish","4":"has-post-thumbnail","6":"product_cat-bicicletas","7":"product_cat-bicicletas-infantiles","9":"first","10":"instock","11":"taxable","12":"shipping-taxable","13":"purchasable","14":"product-type-simple"},"_links":{"self":[{"href":"https:\/\/www.almacenflotablanca.com\/web\/wp-json\/wp\/v2\/product\/233973","targetHints":{"allow":["GET"]}}],"collection":[{"href":"https:\/\/www.almacenflotablanca.com\/web\/wp-json\/wp\/v2\/product"}],"about":[{"href":"https:\/\/www.almacenflotablanca.com\/web\/wp-json\/wp\/v2\/types\/product"}],"wp:featuredmedia":[{"embeddable":true,"href":"https:\/\/www.almacenflotablanca.com\/web\/wp-json\/wp\/v2\/media\/233972"}],"wp:attachment":[{"href":"https:\/\/www.almacenflotablanca.com\/web\/wp-json\/wp\/v2\/media?parent=233973"}],"wp:term":[{"taxonomy":"product_brand","embeddable":true,"href":"https:\/\/www.almacenflotablanca.com\/web\/wp-json\/wp\/v2\/product_brand?post=233973"},{"taxonomy":"product_cat","embeddable":true,"href":"https:\/\/www.almacenflotablanca.com\/web\/wp-json\/wp\/v2\/product_cat?post=233973"},{"taxonomy":"product_tag","embeddable":true,"href":"https:\/\/www.almacenflotablanca.com\/web\/wp-json\/wp\/v2\/product_tag?post=233973"}],"curies":[{"name":"wp","href":"https:\/\/api.w.org\/{rel}","templated":true}]}}