{"id":234018,"date":"2021-11-22T13:56:25","date_gmt":"2021-11-22T18:56:25","guid":{"rendered":"https:\/\/www.almacenflotablanca.com\/web\/producto\/bicicleta-rin-12p-gw-princess-story-multicolor\/"},"modified":"2026-04-15T16:10:44","modified_gmt":"2026-04-15T21:10:44","slug":"bicicleta-rin-12p-gw-princess-story-multicolor","status":"publish","type":"product","link":"https:\/\/www.almacenflotablanca.com\/web\/producto\/bicicleta-rin-12p-gw-princess-story-multicolor\/","title":{"rendered":"Bicicleta Rin 12 G Princess Story Gw"},"content":{"rendered":"<p>Bicicleta Rin 12 G Princess Story Gw, tenemos diferentes modelos de bicicletas, con el fin de ofrecer gran variedad a nuestros clientes en toda la l\u00ednea que tenemos a tu disposici\u00f3n, garantizando calidad e innovaci\u00f3n y lo mejor con el precio m\u00e1s atractivo del mercado. Nuestras bicicletas cuentan con componentes de excelente calidad, los cuales te brindaran la confianza y seguridad que necesitas, Mu\u00e9vete por donde quieras, por nuestras hermosas monta\u00f1as o por la ciudad, usa tu bicicleta para disfrutar de un d\u00eda de paseo por zonas rurales o para que vayas a tu trabajo, estudio o para que simplemente te diviertas. As\u00ed que aprovecha esta oportunidad y ll\u00e9vate esta magn\u00edfica bicicleta fabricada y ensamblada especialmente para ti.<\/p>\n","protected":false},"excerpt":{"rendered":"<ul>\n<li>&#8211; Material: Acero<\/li>\n<li>&#8211; Frenos V-brake<\/li>\n<li>&#8211; Rin 12 En Aluminio<\/li>\n<li>&#8211; Color: sujeto a disponibilidad<\/li>\n<li>&#8211; Edad apropiada desde los 2 a\u00f1os hasta los 4 a\u00f1os<\/li>\n<\/ul>\n","protected":false},"featured_media":236623,"template":"","meta":{"_et_pb_use_builder":"","_et_pb_old_content":"","_et_gb_content_width":""},"product_brand":[],"product_cat":[74,64],"product_tag":[],"class_list":{"0":"post-234018","1":"product","2":"type-product","3":"status-publish","4":"has-post-thumbnail","6":"product_cat-bicicletas","7":"product_cat-bicicletas-infantiles","9":"first","10":"outofstock","11":"taxable","12":"shipping-taxable","13":"purchasable","14":"product-type-simple"},"_links":{"self":[{"href":"https:\/\/www.almacenflotablanca.com\/web\/wp-json\/wp\/v2\/product\/234018","targetHints":{"allow":["GET"]}}],"collection":[{"href":"https:\/\/www.almacenflotablanca.com\/web\/wp-json\/wp\/v2\/product"}],"about":[{"href":"https:\/\/www.almacenflotablanca.com\/web\/wp-json\/wp\/v2\/types\/product"}],"wp:featuredmedia":[{"embeddable":true,"href":"https:\/\/www.almacenflotablanca.com\/web\/wp-json\/wp\/v2\/media\/236623"}],"wp:attachment":[{"href":"https:\/\/www.almacenflotablanca.com\/web\/wp-json\/wp\/v2\/media?parent=234018"}],"wp:term":[{"taxonomy":"product_brand","embeddable":true,"href":"https:\/\/www.almacenflotablanca.com\/web\/wp-json\/wp\/v2\/product_brand?post=234018"},{"taxonomy":"product_cat","embeddable":true,"href":"https:\/\/www.almacenflotablanca.com\/web\/wp-json\/wp\/v2\/product_cat?post=234018"},{"taxonomy":"product_tag","embeddable":true,"href":"https:\/\/www.almacenflotablanca.com\/web\/wp-json\/wp\/v2\/product_tag?post=234018"}],"curies":[{"name":"wp","href":"https:\/\/api.w.org\/{rel}","templated":true}]}}