{"id":234136,"date":"2021-12-14T11:44:15","date_gmt":"2021-12-14T16:44:15","guid":{"rendered":"https:\/\/www.almacenflotablanca.com\/web\/producto\/patineta-scooter-electrica-zoom-sports-negra\/"},"modified":"2026-04-15T16:11:24","modified_gmt":"2026-04-15T21:11:24","slug":"patineta-scooter-electrica-zoom-sports-negra","status":"publish","type":"product","link":"https:\/\/www.almacenflotablanca.com\/web\/producto\/patineta-scooter-electrica-zoom-sports-negra\/","title":{"rendered":"Patineta Scooter El\u00e9ctrica Zoom Sports Negra"},"content":{"rendered":"<p>Patineta Scooter El\u00e9ctrica Zoom Sports Negra, scooter ele\u0301ctrico co\u0301modo, ligero y porta\u0301til, lo que lo hace conveniente para transportarse. Con un disen\u0303o versa\u0301til que se refleja en su apariencia, de peso ligero, operacio\u0301n simple y fa\u0301cil control, con bajas emisiones de carbono lo que ayuda en la proteccio\u0301n del medio ambiente, sin duda se convertira\u0301 en el socio ideal para movilizarse de forma segura y entretenida.<br \/>\nLa scooter el\u00e9ctrica o monopat\u00edn el\u00e9ctrico se ha convertido en el medio de transporte ideal para las condiciones urbanas modernas, donde se ha hecho necesario utilizar veh\u00edculos ligeros que puedan evitar los trancones y a su vez que minimicen la huella ambiental que genera su uso. Su dise\u00f1o plegable hace que sea f\u00e1cil de transportar en una sola mano y que pueda llevarse en cualquier autom\u00f3vil o cualquier otro medio de transporte p\u00fablico.<\/p>\n","protected":false},"excerpt":{"rendered":"<ul>\n<li> &#8211; Bater\u00eda: Recargable 36V\/4.0Ah <\/li>\n<li> &#8211; Tiempo de carga: 4 horas <\/li>\n<li> &#8211; Llantas: 6,5 pulgadas <\/li>\n<li> &#8211; Carga m\u00e1xima en peso: 100 kg <\/li>\n<li> &#8211; Colores: NEGRO <\/li>\n<\/ul>\n","protected":false},"featured_media":234129,"template":"","meta":{"_et_pb_use_builder":"","_et_pb_old_content":"","_et_gb_content_width":""},"product_brand":[],"product_cat":[63,60],"product_tag":[],"class_list":{"0":"post-234136","1":"product","2":"type-product","3":"status-publish","4":"has-post-thumbnail","6":"product_cat-jugueteria","7":"product_cat-patinetas","9":"first","10":"outofstock","11":"taxable","12":"shipping-taxable","13":"purchasable","14":"product-type-simple"},"_links":{"self":[{"href":"https:\/\/www.almacenflotablanca.com\/web\/wp-json\/wp\/v2\/product\/234136","targetHints":{"allow":["GET"]}}],"collection":[{"href":"https:\/\/www.almacenflotablanca.com\/web\/wp-json\/wp\/v2\/product"}],"about":[{"href":"https:\/\/www.almacenflotablanca.com\/web\/wp-json\/wp\/v2\/types\/product"}],"wp:featuredmedia":[{"embeddable":true,"href":"https:\/\/www.almacenflotablanca.com\/web\/wp-json\/wp\/v2\/media\/234129"}],"wp:attachment":[{"href":"https:\/\/www.almacenflotablanca.com\/web\/wp-json\/wp\/v2\/media?parent=234136"}],"wp:term":[{"taxonomy":"product_brand","embeddable":true,"href":"https:\/\/www.almacenflotablanca.com\/web\/wp-json\/wp\/v2\/product_brand?post=234136"},{"taxonomy":"product_cat","embeddable":true,"href":"https:\/\/www.almacenflotablanca.com\/web\/wp-json\/wp\/v2\/product_cat?post=234136"},{"taxonomy":"product_tag","embeddable":true,"href":"https:\/\/www.almacenflotablanca.com\/web\/wp-json\/wp\/v2\/product_tag?post=234136"}],"curies":[{"name":"wp","href":"https:\/\/api.w.org\/{rel}","templated":true}]}}