{"id":234329,"date":"2022-02-26T11:09:21","date_gmt":"2022-02-26T16:09:21","guid":{"rendered":"https:\/\/www.almacenflotablanca.com\/web\/producto\/bicicleta-rin-27-5-boston-9-vel-hidraulicos-profit-negra\/"},"modified":"2026-04-15T16:12:17","modified_gmt":"2026-04-15T21:12:17","slug":"bicicleta-rin-27-5-boston-9-vel-hidraulicos-profit-negra","status":"publish","type":"product","link":"https:\/\/www.almacenflotablanca.com\/web\/producto\/bicicleta-rin-27-5-boston-9-vel-hidraulicos-profit-negra\/","title":{"rendered":"Bicicleta Rin 27.5 Boston 9 Vel Hidr\u00e1ulicos Profit Negra"},"content":{"rendered":"<p>Bicicleta Rin 27.5 Boston 9 Vel Hidr\u00e1ulicos Profit Negra, marco boston profit en aluminio con cableado interno, suspensi\u00f3n boston profit en aluminio con bloqueo al hombro su sistema de freno de disco hidr\u00e1ulico logan, palancas microshift de 9X3 velocidades. Relaci\u00f3n boston 24\/34\/42, coronillas en acero, bielas 170 en aluminio, Pacha profit 12\/36 de rosca. Descarrilador profit Tensor microshift, manzana profit de 36 huecos en aluminio, aros boston en aluminio la mejor calidad de sus llantas compas 27.5&#215;2.10.<\/p>\n<p>Adem\u00e1s, nuestras bicicletas proporcionan la resistencia que siempre has buscado en una bici, permiti\u00e9ndote recorrer cortas o largas distancias, As\u00ed que aprovecha esta oportunidad y ll\u00e9vate esta excelente bicicleta fabricada y ensamblada especialmente para ti.<\/p>\n","protected":false},"excerpt":{"rendered":"<ul>\n<li>&#8211; Materiales del marco: Aluminio<\/li>\n<li>&#8211; Freno de disco: hidr\u00e1ulico logan<\/li>\n<li>&#8211; Aros boston en aluminio<\/li>\n<li>&#8211; Pedales en resina<\/li>\n<\/ul>\n","protected":false},"featured_media":234323,"template":"","meta":{"_et_pb_use_builder":"","_et_pb_old_content":"","_et_gb_content_width":""},"product_brand":[],"product_cat":[74,138],"product_tag":[],"class_list":{"0":"post-234329","1":"product","2":"type-product","3":"status-publish","4":"has-post-thumbnail","6":"product_cat-bicicletas","7":"product_cat-bicicletas-de-montana","9":"first","10":"outofstock","11":"taxable","12":"shipping-taxable","13":"purchasable","14":"product-type-simple"},"_links":{"self":[{"href":"https:\/\/www.almacenflotablanca.com\/web\/wp-json\/wp\/v2\/product\/234329","targetHints":{"allow":["GET"]}}],"collection":[{"href":"https:\/\/www.almacenflotablanca.com\/web\/wp-json\/wp\/v2\/product"}],"about":[{"href":"https:\/\/www.almacenflotablanca.com\/web\/wp-json\/wp\/v2\/types\/product"}],"wp:featuredmedia":[{"embeddable":true,"href":"https:\/\/www.almacenflotablanca.com\/web\/wp-json\/wp\/v2\/media\/234323"}],"wp:attachment":[{"href":"https:\/\/www.almacenflotablanca.com\/web\/wp-json\/wp\/v2\/media?parent=234329"}],"wp:term":[{"taxonomy":"product_brand","embeddable":true,"href":"https:\/\/www.almacenflotablanca.com\/web\/wp-json\/wp\/v2\/product_brand?post=234329"},{"taxonomy":"product_cat","embeddable":true,"href":"https:\/\/www.almacenflotablanca.com\/web\/wp-json\/wp\/v2\/product_cat?post=234329"},{"taxonomy":"product_tag","embeddable":true,"href":"https:\/\/www.almacenflotablanca.com\/web\/wp-json\/wp\/v2\/product_tag?post=234329"}],"curies":[{"name":"wp","href":"https:\/\/api.w.org\/{rel}","templated":true}]}}