{"id":234336,"date":"2022-02-27T10:51:20","date_gmt":"2022-02-27T15:51:20","guid":{"rendered":"https:\/\/www.almacenflotablanca.com\/web\/producto\/bicicleta-rin-16-tipo-moto-santour-dtm-azul\/"},"modified":"2026-04-15T16:11:22","modified_gmt":"2026-04-15T21:11:22","slug":"bicicleta-rin-16-tipo-moto-santour-dtm-azul","status":"publish","type":"product","link":"https:\/\/www.almacenflotablanca.com\/web\/producto\/bicicleta-rin-16-tipo-moto-santour-dtm-azul\/","title":{"rendered":"Bicicleta Rin 16 Tipo Moto Santour Dtm Azul"},"content":{"rendered":"<p>Bicicleta Rin 16 Tipo Moto Santour Dtm Azul, es ideal para aquellos traviesos extremos que disfrutan de pasear en bici, por cualquier tipo de terreno. Con dise\u00f1o de moto, rin 16, silla con espaldar, guardacadena, espejos, guardabarros, ruedas auxiliares a la vez que alejan la suciedad que la grasa pudiera dejar. Su sonido se acelere y dise\u00f1o tipo moto har\u00e1 que tu ni\u00f1o sienta la verdadera emoci\u00f3n sobre ruedas.  Carcasa con dise\u00f1o de moto. El mango derecho emite un sonido reconocido como al de un motor de una moto. Sistema de freno v-brake delantero y freno tipo campana trasero. Guardacadena, tambi\u00e9n incluye soporte y carama\u00f1ola, relaci\u00f3n  compac, bielas enterizas., pi\u00f1\u00f3n 20, aros en acero, llantas LKDA 16X2.4.<\/p>\n","protected":false},"excerpt":{"rendered":"<ul>\n<li> &#8211;  Marco: Acero  <\/li>\n<li> &#8211; Freno: v-brake  <\/li>\n<li> &#8211; Pedales en recina <\/li>\n<li> &#8211;  Ruedas auxiliares  <\/li>\n<li> &#8211; Edad apropiada: desde los 4 a\u00f1os hasta 6 a\u00f1os <\/li>\n<\/ul>\n","protected":false},"featured_media":237229,"template":"","meta":{"_et_pb_use_builder":"","_et_pb_old_content":"","_et_gb_content_width":""},"product_brand":[],"product_cat":[74,64],"product_tag":[],"class_list":{"0":"post-234336","1":"product","2":"type-product","3":"status-publish","4":"has-post-thumbnail","6":"product_cat-bicicletas","7":"product_cat-bicicletas-infantiles","9":"first","10":"outofstock","11":"taxable","12":"shipping-taxable","13":"purchasable","14":"product-type-simple"},"_links":{"self":[{"href":"https:\/\/www.almacenflotablanca.com\/web\/wp-json\/wp\/v2\/product\/234336","targetHints":{"allow":["GET"]}}],"collection":[{"href":"https:\/\/www.almacenflotablanca.com\/web\/wp-json\/wp\/v2\/product"}],"about":[{"href":"https:\/\/www.almacenflotablanca.com\/web\/wp-json\/wp\/v2\/types\/product"}],"wp:featuredmedia":[{"embeddable":true,"href":"https:\/\/www.almacenflotablanca.com\/web\/wp-json\/wp\/v2\/media\/237229"}],"wp:attachment":[{"href":"https:\/\/www.almacenflotablanca.com\/web\/wp-json\/wp\/v2\/media?parent=234336"}],"wp:term":[{"taxonomy":"product_brand","embeddable":true,"href":"https:\/\/www.almacenflotablanca.com\/web\/wp-json\/wp\/v2\/product_brand?post=234336"},{"taxonomy":"product_cat","embeddable":true,"href":"https:\/\/www.almacenflotablanca.com\/web\/wp-json\/wp\/v2\/product_cat?post=234336"},{"taxonomy":"product_tag","embeddable":true,"href":"https:\/\/www.almacenflotablanca.com\/web\/wp-json\/wp\/v2\/product_tag?post=234336"}],"curies":[{"name":"wp","href":"https:\/\/api.w.org\/{rel}","templated":true}]}}