{"id":234386,"date":"2022-03-13T20:45:42","date_gmt":"2022-03-14T01:45:42","guid":{"rendered":"https:\/\/www.almacenflotablanca.com\/web\/producto\/bicicleta-rin-27-5-29-mtb-8-vel-profit-verde\/"},"modified":"2026-04-15T16:12:15","modified_gmt":"2026-04-15T21:12:15","slug":"bicicleta-rin-27-5-29-mtb-8-vel-profit-verde","status":"publish","type":"product","link":"https:\/\/www.almacenflotablanca.com\/web\/producto\/bicicleta-rin-27-5-29-mtb-8-vel-profit-verde\/","title":{"rendered":"Bicicleta Rin 27.5 &#8211; 29 Mtb 8 Vel Profit Verde"},"content":{"rendered":"<p>Bicicleta Rin 27.5 &#8211; 29 Mtb 8 Vel Profit Verde, viene elaborada con un marco en aluminio con cableado interno, la suspensi\u00f3n profit montana X20 con bloqueo al hombro y, su codo profit monta\u00f1a, direcci\u00f3n profit montana de 720mm. Esta bicicleta de monta\u00f1a cuenta con un sistema de freno de disco hidr\u00e1ulico optimus, unas palancas profit de 3X8 velocidades, relaci\u00f3n profit montana 24\/34\/42 su pacha profit 13\/32 un descarrilador shimano turney Tensor shimano turneyTZ de alta resistencia, sus manzanas en aluminio de 36 huecos, los aros profit X20 y sus Llantas profit monta\u00f1a 27.5X2.10 en un material de larga duraci\u00f3n.<\/p>\n<p>Nuestras bicicletas cuentan con componentes de excelente calidad, los cuales te brindaran la confianza y seguridad que necesitas, Mu\u00e9vete por donde quieras, por nuestras hermosas monta\u00f1as o por la ciudad, usa tu bicicleta para disfrutar de un d\u00eda de paseo por zonas rurales o para que vayas a tu trabajo, estudio o para que simplemente te diviertas.<\/p>\n<p>Adem\u00e1s, nuestras bicicletas proporcionan la resistencia que siempre has buscado en una bici, permiti\u00e9ndote recorrer cortas o largas distancias, As\u00ed que aprovecha esta oportunidad y ll\u00e9vate esta excelente bicicleta fabricada y ensamblada especialmente para ti.<\/p>\n","protected":false},"excerpt":{"rendered":"<ul>\n<li> &#8211; Marco: en aluminio <\/li>\n<li> &#8211; Sistema de freno: disco hidr\u00e1ulico <\/li>\n<li> &#8211; Llantas: profit monta\u00f1a 27.5X2.10 <\/li>\n<li> &#8211; Pedales en resina <\/li>\n<li> &#8211; Colores negro verde menta <\/li>\n<\/ul>\n","protected":false},"featured_media":234382,"template":"","meta":{"_et_pb_use_builder":"","_et_pb_old_content":"","_et_gb_content_width":""},"product_brand":[],"product_cat":[74,138],"product_tag":[],"class_list":{"0":"post-234386","1":"product","2":"type-product","3":"status-publish","4":"has-post-thumbnail","6":"product_cat-bicicletas","7":"product_cat-bicicletas-de-montana","9":"first","10":"outofstock","11":"taxable","12":"shipping-taxable","13":"purchasable","14":"product-type-simple"},"_links":{"self":[{"href":"https:\/\/www.almacenflotablanca.com\/web\/wp-json\/wp\/v2\/product\/234386","targetHints":{"allow":["GET"]}}],"collection":[{"href":"https:\/\/www.almacenflotablanca.com\/web\/wp-json\/wp\/v2\/product"}],"about":[{"href":"https:\/\/www.almacenflotablanca.com\/web\/wp-json\/wp\/v2\/types\/product"}],"wp:featuredmedia":[{"embeddable":true,"href":"https:\/\/www.almacenflotablanca.com\/web\/wp-json\/wp\/v2\/media\/234382"}],"wp:attachment":[{"href":"https:\/\/www.almacenflotablanca.com\/web\/wp-json\/wp\/v2\/media?parent=234386"}],"wp:term":[{"taxonomy":"product_brand","embeddable":true,"href":"https:\/\/www.almacenflotablanca.com\/web\/wp-json\/wp\/v2\/product_brand?post=234386"},{"taxonomy":"product_cat","embeddable":true,"href":"https:\/\/www.almacenflotablanca.com\/web\/wp-json\/wp\/v2\/product_cat?post=234386"},{"taxonomy":"product_tag","embeddable":true,"href":"https:\/\/www.almacenflotablanca.com\/web\/wp-json\/wp\/v2\/product_tag?post=234386"}],"curies":[{"name":"wp","href":"https:\/\/api.w.org\/{rel}","templated":true}]}}