{"id":234526,"date":"2022-03-31T15:39:39","date_gmt":"2022-03-31T20:39:39","guid":{"rendered":"https:\/\/www.almacenflotablanca.com\/web\/producto\/bicicleta-rin-20-bmx-pirana-gw\/"},"modified":"2026-04-15T16:12:19","modified_gmt":"2026-04-15T21:12:19","slug":"bicicleta-rin-20-bmx-pirana-gw","status":"publish","type":"product","link":"https:\/\/www.almacenflotablanca.com\/web\/producto\/bicicleta-rin-20-bmx-pirana-gw\/","title":{"rendered":"Bicicleta Rin 20 Bmx Pira\u00f1a"},"content":{"rendered":"<p>Bicicleta Rin 20 Bmx Pira\u00f1a Gw, esta bicicleta Bmx cuenta con un marco pira\u00f1a bmx en acero, caja ancha, tenedor pira\u00f1a r\u00edgido de espigo a presi\u00f3n, codo gw en aluminio, direcci\u00f3n pira\u00f1a bmx. Sistema de freno herradura U-brake trasera de muy buuena calidad, su manilar tektro en aluminio, la relaci\u00f3n compact 36t, biela enteriza, pi\u00f1\u00f3n 16t gw cromado, manzana gw en aluminio de balinera sellada de 36 huecos, sus aros gw skull doble pared en aluminio, llantas kylin brand 20&#215;2.125 de excelente calidad y sus pedales en resina.<\/p>\n<p>Nuestras bicicletas cuentan con componentes de excelente calidad, los cuales te brindaran la confianza y seguridad que necesitas, Mu\u00e9vete por donde quieras, por nuestras hermosas monta\u00f1as o por la ciudad, usa tu bicicleta para disfrutar de un d\u00eda de paseo por zonas rurales o para que vayas a tu trabajo, estudio o para que simplemente te diviertas.<\/p>\n","protected":false},"excerpt":{"rendered":"<ul>\n<li> &#8211; Marco: Acero  <\/li>\n<li> &#8211; Freno: v-brake  <\/li>\n<li> &#8211; Pedales en resina Gw <\/li>\n<li> &#8211; Colores: combinados en azul, rojo, gris, verde, negro, sujeto a disponibilidad <\/li>\n<li> &#8211; Edad apropiada: desde los 7 a\u00f1os en adelante <\/li>\n<\/ul>\n","protected":false},"featured_media":234521,"template":"","meta":{"_et_pb_use_builder":"","_et_pb_old_content":"","_et_gb_content_width":""},"product_brand":[],"product_cat":[74,170],"product_tag":[],"class_list":{"0":"post-234526","1":"product","2":"type-product","3":"status-publish","4":"has-post-thumbnail","6":"product_cat-bicicletas","7":"product_cat-bicicletas-de-bmx","9":"first","10":"outofstock","11":"taxable","12":"shipping-taxable","13":"purchasable","14":"product-type-simple"},"_links":{"self":[{"href":"https:\/\/www.almacenflotablanca.com\/web\/wp-json\/wp\/v2\/product\/234526","targetHints":{"allow":["GET"]}}],"collection":[{"href":"https:\/\/www.almacenflotablanca.com\/web\/wp-json\/wp\/v2\/product"}],"about":[{"href":"https:\/\/www.almacenflotablanca.com\/web\/wp-json\/wp\/v2\/types\/product"}],"wp:featuredmedia":[{"embeddable":true,"href":"https:\/\/www.almacenflotablanca.com\/web\/wp-json\/wp\/v2\/media\/234521"}],"wp:attachment":[{"href":"https:\/\/www.almacenflotablanca.com\/web\/wp-json\/wp\/v2\/media?parent=234526"}],"wp:term":[{"taxonomy":"product_brand","embeddable":true,"href":"https:\/\/www.almacenflotablanca.com\/web\/wp-json\/wp\/v2\/product_brand?post=234526"},{"taxonomy":"product_cat","embeddable":true,"href":"https:\/\/www.almacenflotablanca.com\/web\/wp-json\/wp\/v2\/product_cat?post=234526"},{"taxonomy":"product_tag","embeddable":true,"href":"https:\/\/www.almacenflotablanca.com\/web\/wp-json\/wp\/v2\/product_tag?post=234526"}],"curies":[{"name":"wp","href":"https:\/\/api.w.org\/{rel}","templated":true}]}}