{"id":234633,"date":"2022-04-22T18:57:52","date_gmt":"2022-04-22T23:57:52","guid":{"rendered":"https:\/\/www.almacenflotablanca.com\/web\/producto\/cadenilla-sx-12-rainbow-super-light-gw-morado\/"},"modified":"2026-04-15T16:11:38","modified_gmt":"2026-04-15T21:11:38","slug":"cadenilla-sx-12-rainbow-super-light-gw-morado","status":"publish","type":"product","link":"https:\/\/www.almacenflotablanca.com\/web\/producto\/cadenilla-sx-12-rainbow-super-light-gw-morado\/","title":{"rendered":"Cadenilla SX-12 Rainbow Super Light Gw Morado"},"content":{"rendered":"<p>Cadenilla SX-12 Rainbow Super Light Gw Morado, su material en acero alta aleaci\u00f3n, rainbow _0.247 kg _1\/2&#8243;x11\/128&#8243;*126l, incluye qrs, esta cadena es super ligera de paso estrecho (cadenilla) para 12 velocidades, modalidad ruta, mtb o gravel medida 1\/2&#8243;x11\/128&#8243; con 126 links, incluye qrs, con su llamativa caja. Excelente cambio de marchas con placa exterior en forma de doble puente, dise\u00f1o interior y exterior abierto. Compatible con sistemas de trasmisi\u00f3n de 12 velocidades m\u00e1s comunes del mercado. Tipo de conector qrs link (candado)<br \/>\na\u00f1o modelo (dise\u00f1o) 2022, tecnolog\u00edas glc\/dha.<\/p>\n","protected":false},"excerpt":{"rendered":"<ul>\n<li> &#8211; Material acero alta aleaci\u00f3n <\/li>\n<li> &#8211; Tipo de empaque caja de lujo <\/li>\n<li> &#8211; Sustitutos sugeridos 301148\/301160 <\/li>\n<li> &#8211; Categor\u00eda\/modalidad ruta\/mtb\/gravel <\/li>\n<\/ul>\n","protected":false},"featured_media":234630,"template":"","meta":{"_et_pb_use_builder":"","_et_pb_old_content":"","_et_gb_content_width":""},"product_brand":[],"product_cat":[74,180],"product_tag":[],"class_list":{"0":"post-234633","1":"product","2":"type-product","3":"status-publish","4":"has-post-thumbnail","6":"product_cat-bicicletas","7":"product_cat-repuestos","9":"first","10":"instock","11":"taxable","12":"shipping-taxable","13":"purchasable","14":"product-type-simple"},"_links":{"self":[{"href":"https:\/\/www.almacenflotablanca.com\/web\/wp-json\/wp\/v2\/product\/234633","targetHints":{"allow":["GET"]}}],"collection":[{"href":"https:\/\/www.almacenflotablanca.com\/web\/wp-json\/wp\/v2\/product"}],"about":[{"href":"https:\/\/www.almacenflotablanca.com\/web\/wp-json\/wp\/v2\/types\/product"}],"wp:featuredmedia":[{"embeddable":true,"href":"https:\/\/www.almacenflotablanca.com\/web\/wp-json\/wp\/v2\/media\/234630"}],"wp:attachment":[{"href":"https:\/\/www.almacenflotablanca.com\/web\/wp-json\/wp\/v2\/media?parent=234633"}],"wp:term":[{"taxonomy":"product_brand","embeddable":true,"href":"https:\/\/www.almacenflotablanca.com\/web\/wp-json\/wp\/v2\/product_brand?post=234633"},{"taxonomy":"product_cat","embeddable":true,"href":"https:\/\/www.almacenflotablanca.com\/web\/wp-json\/wp\/v2\/product_cat?post=234633"},{"taxonomy":"product_tag","embeddable":true,"href":"https:\/\/www.almacenflotablanca.com\/web\/wp-json\/wp\/v2\/product_tag?post=234633"}],"curies":[{"name":"wp","href":"https:\/\/api.w.org\/{rel}","templated":true}]}}