{"id":234697,"date":"2022-05-16T20:03:27","date_gmt":"2022-05-17T01:03:27","guid":{"rendered":"https:\/\/www.almacenflotablanca.com\/web\/producto\/freno-disco-hidraulico-mt200-shimano-negro\/"},"modified":"2026-04-15T16:11:45","modified_gmt":"2026-04-15T21:11:45","slug":"freno-disco-hidraulico-mt200-shimano-negro","status":"publish","type":"product","link":"https:\/\/www.almacenflotablanca.com\/web\/producto\/freno-disco-hidraulico-mt200-shimano-negro\/","title":{"rendered":"Freno Disco Hidr\u00e1ulico Mt200 Shimano Negro"},"content":{"rendered":"<p>Freno Disco Hidr\u00e1ulico Mt200 Shimano Negro, listo para usar, lleno y f\u00e1cil de montar. Con la almohadilla de freno de resina B01 (Incluida). La palanca de freno ergon\u00f3mica BL-MT200 de 3 dedos permite una dosificaci\u00f3n precisa. La pinza de freno BR-MT200 se puede montar directamente en Postmount si se usa un disco de 160 mm. Para di\u00e1metros de disco m\u00e1s grandes se requiere un adaptador (NO incluido). Manetas de freno delantero y trasera BL-MT200, mordazas de freno delantero y trasera BR-MT200, manguera de freno Shimano delantera 100 cm y trasera 170 cm.<\/p>\n","protected":false},"excerpt":{"rendered":"<ul>\n<li> &#8211; Material: Hierro y aluminio  <\/li>\n<li> &#8211; Referencia: Shimano ALTUS serie MT200 <\/li>\n<li> &#8211; Longitud de la palanca de 3 dedos <\/li>\n<li> &#8211; Incluye pines y olivas de conexi\u00f3n extra <\/li>\n<li> &#8211; Incluye tornillos de fijaci\u00f3n <\/li>\n<\/ul>\n","protected":false},"featured_media":234695,"template":"","meta":{"_et_pb_use_builder":"","_et_pb_old_content":"","_et_gb_content_width":""},"product_brand":[],"product_cat":[74,180],"product_tag":[],"class_list":{"0":"post-234697","1":"product","2":"type-product","3":"status-publish","4":"has-post-thumbnail","6":"product_cat-bicicletas","7":"product_cat-repuestos","9":"first","10":"instock","11":"taxable","12":"shipping-taxable","13":"purchasable","14":"product-type-simple"},"_links":{"self":[{"href":"https:\/\/www.almacenflotablanca.com\/web\/wp-json\/wp\/v2\/product\/234697","targetHints":{"allow":["GET"]}}],"collection":[{"href":"https:\/\/www.almacenflotablanca.com\/web\/wp-json\/wp\/v2\/product"}],"about":[{"href":"https:\/\/www.almacenflotablanca.com\/web\/wp-json\/wp\/v2\/types\/product"}],"wp:featuredmedia":[{"embeddable":true,"href":"https:\/\/www.almacenflotablanca.com\/web\/wp-json\/wp\/v2\/media\/234695"}],"wp:attachment":[{"href":"https:\/\/www.almacenflotablanca.com\/web\/wp-json\/wp\/v2\/media?parent=234697"}],"wp:term":[{"taxonomy":"product_brand","embeddable":true,"href":"https:\/\/www.almacenflotablanca.com\/web\/wp-json\/wp\/v2\/product_brand?post=234697"},{"taxonomy":"product_cat","embeddable":true,"href":"https:\/\/www.almacenflotablanca.com\/web\/wp-json\/wp\/v2\/product_cat?post=234697"},{"taxonomy":"product_tag","embeddable":true,"href":"https:\/\/www.almacenflotablanca.com\/web\/wp-json\/wp\/v2\/product_tag?post=234697"}],"curies":[{"name":"wp","href":"https:\/\/api.w.org\/{rel}","templated":true}]}}