{"id":234734,"date":"2022-05-26T14:38:07","date_gmt":"2022-05-26T19:38:07","guid":{"rendered":"https:\/\/www.almacenflotablanca.com\/web\/producto\/suspension-sr-suntour-xcm-29-bloqueo-al-hombro\/"},"modified":"2026-04-15T16:11:46","modified_gmt":"2026-04-15T21:11:46","slug":"suspension-sr-suntour-xcm-29-bloqueo-al-hombro","status":"publish","type":"product","link":"https:\/\/www.almacenflotablanca.com\/web\/producto\/suspension-sr-suntour-xcm-29-bloqueo-al-hombro\/","title":{"rendered":"Suspensi\u00f3n Sr Suntour XCM 29 Bloqueo Al Hombro"},"content":{"rendered":"<p>Suspensi\u00f3n Sr Suntour XCM 29 Bloqueo Al Hombro, El modelo de horquilla Suntour XCM posee un sistema de suspensi\u00f3n de muelles. Estas suspensiones est\u00e1n dise\u00f1adas para aquellos que realizan un tipo de conducci\u00f3n m\u00e1s agresiva. Por norma general, suele ser el tipo que se instala en la mayor\u00eda de bicicletas de monta\u00f1a, ya que su precio es menor y puede ser v\u00e1lido para casi todo tipo de conducci\u00f3n. Son muy robustas, lo que las hace muy resistentes. Su mantenimiento es muy barato y sencillo, por lo que puede ser ideal para personas que se est\u00e9n iniciando en esta apasionante modalidad de ciclismo.<\/p>\n","protected":false},"excerpt":{"rendered":"<ul>\n<li> &#8211; Para eje de 9mm (puntilla o cierre r\u00e1pido QR) <\/li>\n<li> &#8211; Barras con recubrimiento plateado <\/li>\n<li>  Botellas en magnesio <\/li>\n<li> &#8211; Ajuste de precarga <\/li>\n<li> &#8211; Bloqueo al hombro (en la misma suspensi\u00f3n) <\/li>\n<li> &#8211; Para freno de disco <\/li>\n<\/ul>\n","protected":false},"featured_media":234733,"template":"","meta":{"_et_pb_use_builder":"","_et_pb_old_content":"","_et_gb_content_width":""},"product_brand":[],"product_cat":[74,180],"product_tag":[],"class_list":{"0":"post-234734","1":"product","2":"type-product","3":"status-publish","4":"has-post-thumbnail","6":"product_cat-bicicletas","7":"product_cat-repuestos","9":"first","10":"instock","11":"taxable","12":"shipping-taxable","13":"purchasable","14":"product-type-simple"},"_links":{"self":[{"href":"https:\/\/www.almacenflotablanca.com\/web\/wp-json\/wp\/v2\/product\/234734","targetHints":{"allow":["GET"]}}],"collection":[{"href":"https:\/\/www.almacenflotablanca.com\/web\/wp-json\/wp\/v2\/product"}],"about":[{"href":"https:\/\/www.almacenflotablanca.com\/web\/wp-json\/wp\/v2\/types\/product"}],"wp:featuredmedia":[{"embeddable":true,"href":"https:\/\/www.almacenflotablanca.com\/web\/wp-json\/wp\/v2\/media\/234733"}],"wp:attachment":[{"href":"https:\/\/www.almacenflotablanca.com\/web\/wp-json\/wp\/v2\/media?parent=234734"}],"wp:term":[{"taxonomy":"product_brand","embeddable":true,"href":"https:\/\/www.almacenflotablanca.com\/web\/wp-json\/wp\/v2\/product_brand?post=234734"},{"taxonomy":"product_cat","embeddable":true,"href":"https:\/\/www.almacenflotablanca.com\/web\/wp-json\/wp\/v2\/product_cat?post=234734"},{"taxonomy":"product_tag","embeddable":true,"href":"https:\/\/www.almacenflotablanca.com\/web\/wp-json\/wp\/v2\/product_tag?post=234734"}],"curies":[{"name":"wp","href":"https:\/\/api.w.org\/{rel}","templated":true}]}}