{"id":235417,"date":"2022-12-07T09:49:10","date_gmt":"2022-12-07T14:49:10","guid":{"rendered":"https:\/\/www.almacenflotablanca.com\/web\/producto\/carrito-andador-barra-de-empuje-con-sonido\/"},"modified":"2026-04-15T16:11:36","modified_gmt":"2026-04-15T21:11:36","slug":"carrito-andador-barra-de-empuje-con-sonido","status":"publish","type":"product","link":"https:\/\/www.almacenflotablanca.com\/web\/producto\/carrito-andador-barra-de-empuje-con-sonido\/","title":{"rendered":"Carrito Andador Barra De Empuje Con Sonido"},"content":{"rendered":"<p>Carrito Andador Barra De Empuje Con Sonido, Carro montable, paseador para beb\u00e9\/ni\u00f1o con gu\u00eda y brazo de seguridad Este hermoso carrito montable es una excelente opci\u00f3n para aumentar la actividad f\u00edsica del ni\u00f1o y al mismo tiempo ayudar a desarrollar sus habilidades motoras. Tiene brazo de seguridad que ayuda a evitar accidentes y ca\u00eddas, protegiendo al beb\u00e9 en todo momento durante el paseo. Este brazo es removible si as\u00ed lo desea. Se puede subir y bajar seg\u00fan la necesidad. Puede usarse como alternativa del coche cuando el beb\u00e9 est\u00e1 m\u00e1s grande y se puede sostener solo, tiene gu\u00eda para ser llevado por el adulto y apoya pies removible. Cuenta con un compartimiento en el asiento para guardar juguetes y objetos personales. Con la cabrilla el beb\u00e9 puede direccionar el carrito y tiene botones que emiten m\u00fasica. Tiene dos formas de uso: -Como paseador, el adulto lleva al beb\u00e9 con la gu\u00eda y el beb\u00e9 tiene sus pies en \u00e9l apoya pies.<\/p>\n","protected":false},"excerpt":{"rendered":"<ul>\n<li> -Material de pasta resistente  <\/li>\n<li> -Volante funcional con sonidos  <\/li>\n<li> -Ba\u00fal  <\/li>\n<li> -Brazos de seguridad  <\/li>\n<li> -Espaldar, Palanca para impulsar (ES REMOVIBLE)  <\/li>\n<li> -Reposa pies removible. <\/li>\n<\/ul>\n","protected":false},"featured_media":235531,"template":"","meta":{"_et_pb_use_builder":"","_et_pb_old_content":"","_et_gb_content_width":""},"product_brand":[],"product_cat":[70,63],"product_tag":[],"class_list":{"0":"post-235417","1":"product","2":"type-product","3":"status-publish","4":"has-post-thumbnail","6":"product_cat-carros-de-pedal","7":"product_cat-jugueteria","9":"first","10":"outofstock","11":"taxable","12":"shipping-taxable","13":"purchasable","14":"product-type-simple"},"_links":{"self":[{"href":"https:\/\/www.almacenflotablanca.com\/web\/wp-json\/wp\/v2\/product\/235417","targetHints":{"allow":["GET"]}}],"collection":[{"href":"https:\/\/www.almacenflotablanca.com\/web\/wp-json\/wp\/v2\/product"}],"about":[{"href":"https:\/\/www.almacenflotablanca.com\/web\/wp-json\/wp\/v2\/types\/product"}],"wp:featuredmedia":[{"embeddable":true,"href":"https:\/\/www.almacenflotablanca.com\/web\/wp-json\/wp\/v2\/media\/235531"}],"wp:attachment":[{"href":"https:\/\/www.almacenflotablanca.com\/web\/wp-json\/wp\/v2\/media?parent=235417"}],"wp:term":[{"taxonomy":"product_brand","embeddable":true,"href":"https:\/\/www.almacenflotablanca.com\/web\/wp-json\/wp\/v2\/product_brand?post=235417"},{"taxonomy":"product_cat","embeddable":true,"href":"https:\/\/www.almacenflotablanca.com\/web\/wp-json\/wp\/v2\/product_cat?post=235417"},{"taxonomy":"product_tag","embeddable":true,"href":"https:\/\/www.almacenflotablanca.com\/web\/wp-json\/wp\/v2\/product_tag?post=235417"}],"curies":[{"name":"wp","href":"https:\/\/api.w.org\/{rel}","templated":true}]}}