{"id":235995,"date":"2023-02-20T16:02:08","date_gmt":"2023-02-20T21:02:08","guid":{"rendered":"https:\/\/www.almacenflotablanca.com\/web\/producto\/casco-sonic-negro-t-s-canariam\/"},"modified":"2026-04-15T16:11:18","modified_gmt":"2026-04-15T21:11:18","slug":"casco-sonic-negro-t-s-canariam","status":"publish","type":"product","link":"https:\/\/www.almacenflotablanca.com\/web\/producto\/casco-sonic-negro-t-s-canariam\/","title":{"rendered":"CASCO SONIC NEGRO T\/S CANARIAM"},"content":{"rendered":"<p>CASCO SONIC NEGRO T\/S CANARIAM<br \/>\nCANARIAM<br \/>\nDescripci\u00f3n: El Casco Sonic est\u00e1 fabricado con los m\u00e1s altos est\u00e1ndares de calidad, pasta en policarbonato, poliestireno expandido (icopor), dise\u00f1o aerodin\u00e1mico, sistema de ventilaci\u00f3n, visera, sistema de ajuste graduable con bloqueo entre 54-58cm de di\u00e1metro, almohadillas internas en espuma lavables.<\/p>\n","protected":false},"excerpt":{"rendered":"<ul>\n<li> -Dise\u00f1o aerodin\u00e1mico <\/li>\n<li> -Sistema de ventilaci\u00f3n <\/li>\n<li> -Almohadillas internas en espuma lavables <\/li>\n<\/ul>\n","protected":false},"featured_media":235993,"template":"","meta":{"_et_pb_use_builder":"","_et_pb_old_content":"","_et_gb_content_width":""},"product_brand":[],"product_cat":[53,167],"product_tag":[],"class_list":{"0":"post-235995","1":"product","2":"type-product","3":"status-publish","4":"has-post-thumbnail","6":"product_cat-accesorios-deportivos","7":"product_cat-protecciones","9":"first","10":"instock","11":"taxable","12":"shipping-taxable","13":"purchasable","14":"product-type-simple"},"_links":{"self":[{"href":"https:\/\/www.almacenflotablanca.com\/web\/wp-json\/wp\/v2\/product\/235995","targetHints":{"allow":["GET"]}}],"collection":[{"href":"https:\/\/www.almacenflotablanca.com\/web\/wp-json\/wp\/v2\/product"}],"about":[{"href":"https:\/\/www.almacenflotablanca.com\/web\/wp-json\/wp\/v2\/types\/product"}],"wp:featuredmedia":[{"embeddable":true,"href":"https:\/\/www.almacenflotablanca.com\/web\/wp-json\/wp\/v2\/media\/235993"}],"wp:attachment":[{"href":"https:\/\/www.almacenflotablanca.com\/web\/wp-json\/wp\/v2\/media?parent=235995"}],"wp:term":[{"taxonomy":"product_brand","embeddable":true,"href":"https:\/\/www.almacenflotablanca.com\/web\/wp-json\/wp\/v2\/product_brand?post=235995"},{"taxonomy":"product_cat","embeddable":true,"href":"https:\/\/www.almacenflotablanca.com\/web\/wp-json\/wp\/v2\/product_cat?post=235995"},{"taxonomy":"product_tag","embeddable":true,"href":"https:\/\/www.almacenflotablanca.com\/web\/wp-json\/wp\/v2\/product_tag?post=235995"}],"curies":[{"name":"wp","href":"https:\/\/api.w.org\/{rel}","templated":true}]}}