{"id":236833,"date":"2023-06-04T19:55:08","date_gmt":"2023-06-05T00:55:08","guid":{"rendered":"https:\/\/www.almacenflotablanca.com\/web\/producto\/colchoneta-yoga-negra-con-estuche-movifit\/"},"modified":"2026-04-15T16:11:19","modified_gmt":"2026-04-15T21:11:19","slug":"colchoneta-yoga-negra-con-estuche-movifit","status":"publish","type":"product","link":"https:\/\/www.almacenflotablanca.com\/web\/producto\/colchoneta-yoga-negra-con-estuche-movifit\/","title":{"rendered":"COLCHONETA YOGA NEGRA CON ESTUCHE MOVIFIT"},"content":{"rendered":"<p>COLCHONETA YOGA NEGRA CON ESTUCHE MOVIFIT<br \/>\nLa COLCHONETA MOVIFIT CON ESTUCHE es un producto de alta calidad, dise\u00f1ado para brindar una experiencia de comodidad y ergonom\u00eda, garantizando seguridad en los movimientos al momento de realizar el entrenamiento.<br \/>\nComplementa el ejercicio de relajaci\u00f3n y fortalecimiento al momento de realizar las sesiones de entrenamiento Yoga, con un espacio amplio y c\u00f3modo. Enrollable y con agarradera para f\u00e1cil desplazamiento.<br \/>\n\u2022 Dise\u00f1ada para todo tipo de personas<br \/>\n\u2022 Enrollable<br \/>\nLargo:173CM<br \/>\nAncho:61CM<br \/>\nGrosor:0,6CM<\/p>\n","protected":false},"excerpt":{"rendered":"<ul>\n<li> \u2022 Material de espuma de alta resistencia <\/li>\n<li> \u2022 Color Negro y Morado <\/li>\n<li> \u2022 Incluye estuche <\/li>\n<\/ul>\n","protected":false},"featured_media":236829,"template":"","meta":{"_et_pb_use_builder":"","_et_pb_old_content":"","_et_gb_content_width":""},"product_brand":[],"product_cat":[169,149],"product_tag":[],"class_list":{"0":"post-236833","1":"product","2":"type-product","3":"status-publish","4":"has-post-thumbnail","6":"product_cat-tapetes-de-yoga","7":"product_cat-yoga-y-pilates","9":"first","10":"instock","11":"taxable","12":"shipping-taxable","13":"purchasable","14":"product-type-simple"},"_links":{"self":[{"href":"https:\/\/www.almacenflotablanca.com\/web\/wp-json\/wp\/v2\/product\/236833","targetHints":{"allow":["GET"]}}],"collection":[{"href":"https:\/\/www.almacenflotablanca.com\/web\/wp-json\/wp\/v2\/product"}],"about":[{"href":"https:\/\/www.almacenflotablanca.com\/web\/wp-json\/wp\/v2\/types\/product"}],"wp:featuredmedia":[{"embeddable":true,"href":"https:\/\/www.almacenflotablanca.com\/web\/wp-json\/wp\/v2\/media\/236829"}],"wp:attachment":[{"href":"https:\/\/www.almacenflotablanca.com\/web\/wp-json\/wp\/v2\/media?parent=236833"}],"wp:term":[{"taxonomy":"product_brand","embeddable":true,"href":"https:\/\/www.almacenflotablanca.com\/web\/wp-json\/wp\/v2\/product_brand?post=236833"},{"taxonomy":"product_cat","embeddable":true,"href":"https:\/\/www.almacenflotablanca.com\/web\/wp-json\/wp\/v2\/product_cat?post=236833"},{"taxonomy":"product_tag","embeddable":true,"href":"https:\/\/www.almacenflotablanca.com\/web\/wp-json\/wp\/v2\/product_tag?post=236833"}],"curies":[{"name":"wp","href":"https:\/\/api.w.org\/{rel}","templated":true}]}}