{"id":237084,"date":"2023-07-26T09:06:31","date_gmt":"2023-07-26T14:06:31","guid":{"rendered":"https:\/\/www.almacenflotablanca.com\/web\/producto\/carro-patineta-three-wheeler-rojo-pequeno\/"},"modified":"2026-04-15T16:11:50","modified_gmt":"2026-04-15T21:11:50","slug":"carro-patineta-three-wheeler-rojo-pequeno","status":"publish","type":"product","link":"https:\/\/www.almacenflotablanca.com\/web\/producto\/carro-patineta-three-wheeler-rojo-pequeno\/","title":{"rendered":"CARRO PATINETA THREE WHEELER ROJO PEQUE\u00d1O"},"content":{"rendered":"<p>Chasis en tubo de hierro, lona resistente con motivos variados, ruedas en silicona con luces, mangos en caucho para apoyar pies y sujetarse con las manos, sistema de freno. Para ni\u00f1os y ni\u00f1as entre 4 y 6 a\u00f1os de edad. No requiere de cadenas, bater\u00edas o pedales.<br \/>\nSeguro, resistente y f\u00e1cil de usar.<br \/>\nSoporta hasta 45 Kg de peso.<br \/>\nFreno de Mano.<br \/>\nEs pr\u00e1ctico, divertido y c\u00f3modo.<\/p>\n","protected":false},"excerpt":{"rendered":"<p>Chasis en tubo de hierro, lona resistente con motivos variados, ruedas en silicona con luces, mangos en caucho para apoyar pies y sujetarse con las manos, sistema de freno. Para ni\u00f1os y ni\u00f1as entre 4 y 6 a\u00f1os de edad. No requiere de cadenas, bater\u00edas o pedales. Seguro, resistente y f\u00e1cil de usar. Soporta hasta [&hellip;]<\/p>\n","protected":false},"featured_media":237082,"template":"","meta":{"_et_pb_use_builder":"","_et_pb_old_content":"","_et_gb_content_width":""},"product_brand":[],"product_cat":[63,60],"product_tag":[],"class_list":{"0":"post-237084","1":"product","2":"type-product","3":"status-publish","4":"has-post-thumbnail","6":"product_cat-jugueteria","7":"product_cat-patinetas","9":"first","10":"instock","11":"taxable","12":"shipping-taxable","13":"purchasable","14":"product-type-simple"},"_links":{"self":[{"href":"https:\/\/www.almacenflotablanca.com\/web\/wp-json\/wp\/v2\/product\/237084","targetHints":{"allow":["GET"]}}],"collection":[{"href":"https:\/\/www.almacenflotablanca.com\/web\/wp-json\/wp\/v2\/product"}],"about":[{"href":"https:\/\/www.almacenflotablanca.com\/web\/wp-json\/wp\/v2\/types\/product"}],"wp:featuredmedia":[{"embeddable":true,"href":"https:\/\/www.almacenflotablanca.com\/web\/wp-json\/wp\/v2\/media\/237082"}],"wp:attachment":[{"href":"https:\/\/www.almacenflotablanca.com\/web\/wp-json\/wp\/v2\/media?parent=237084"}],"wp:term":[{"taxonomy":"product_brand","embeddable":true,"href":"https:\/\/www.almacenflotablanca.com\/web\/wp-json\/wp\/v2\/product_brand?post=237084"},{"taxonomy":"product_cat","embeddable":true,"href":"https:\/\/www.almacenflotablanca.com\/web\/wp-json\/wp\/v2\/product_cat?post=237084"},{"taxonomy":"product_tag","embeddable":true,"href":"https:\/\/www.almacenflotablanca.com\/web\/wp-json\/wp\/v2\/product_tag?post=237084"}],"curies":[{"name":"wp","href":"https:\/\/api.w.org\/{rel}","templated":true}]}}