{"id":237211,"date":"2023-08-11T08:30:58","date_gmt":"2023-08-11T13:30:58","guid":{"rendered":"https:\/\/www.almacenflotablanca.com\/web\/producto\/cuatrimoto-sofia-doris\/"},"modified":"2026-04-15T16:11:35","modified_gmt":"2026-04-15T21:11:35","slug":"cuatrimoto-sofia-doris","status":"publish","type":"product","link":"https:\/\/www.almacenflotablanca.com\/web\/producto\/cuatrimoto-sofia-doris\/","title":{"rendered":"CUATRIMOTO SOFIA DORIS"},"content":{"rendered":"<p>Cuatrimoto El\u00e9ctrica Montable, bot\u00f3n pulsador en la direcci\u00f3n que da marcha hacia adelante, acelera hasta 3 km \/ h, Cuenta con ruedas en pasta de alta resistencia y un c\u00f3modo asiento en pasta, direcci\u00f3n funcional, tracci\u00f3n en una llanta trasera. Bater\u00eda recargable de 6V 4 amperios, viene con cargador 6V.<\/p>\n","protected":false},"excerpt":{"rendered":"<p>Cuatrimoto El\u00e9ctrica Montable, bot\u00f3n pulsador en la direcci\u00f3n que da marcha hacia adelante, acelera hasta 3 km \/ h, Cuenta con ruedas en pasta de alta resistencia y un c\u00f3modo asiento en pasta, direcci\u00f3n funcional, tracci\u00f3n en una llanta trasera. Bater\u00eda recargable de 6V 4 amperios, viene con cargador 6V.<\/p>\n","protected":false},"featured_media":237207,"template":"","meta":{"_et_pb_use_builder":"","_et_pb_old_content":"","_et_gb_content_width":""},"product_brand":[],"product_cat":[72,63],"product_tag":[],"class_list":{"0":"post-237211","1":"product","2":"type-product","3":"status-publish","4":"has-post-thumbnail","6":"product_cat-carros-de-bateria","7":"product_cat-jugueteria","9":"first","10":"outofstock","11":"taxable","12":"shipping-taxable","13":"purchasable","14":"product-type-simple"},"_links":{"self":[{"href":"https:\/\/www.almacenflotablanca.com\/web\/wp-json\/wp\/v2\/product\/237211","targetHints":{"allow":["GET"]}}],"collection":[{"href":"https:\/\/www.almacenflotablanca.com\/web\/wp-json\/wp\/v2\/product"}],"about":[{"href":"https:\/\/www.almacenflotablanca.com\/web\/wp-json\/wp\/v2\/types\/product"}],"wp:featuredmedia":[{"embeddable":true,"href":"https:\/\/www.almacenflotablanca.com\/web\/wp-json\/wp\/v2\/media\/237207"}],"wp:attachment":[{"href":"https:\/\/www.almacenflotablanca.com\/web\/wp-json\/wp\/v2\/media?parent=237211"}],"wp:term":[{"taxonomy":"product_brand","embeddable":true,"href":"https:\/\/www.almacenflotablanca.com\/web\/wp-json\/wp\/v2\/product_brand?post=237211"},{"taxonomy":"product_cat","embeddable":true,"href":"https:\/\/www.almacenflotablanca.com\/web\/wp-json\/wp\/v2\/product_cat?post=237211"},{"taxonomy":"product_tag","embeddable":true,"href":"https:\/\/www.almacenflotablanca.com\/web\/wp-json\/wp\/v2\/product_tag?post=237211"}],"curies":[{"name":"wp","href":"https:\/\/api.w.org\/{rel}","templated":true}]}}