{"id":237378,"date":"2023-09-04T10:06:59","date_gmt":"2023-09-04T15:06:59","guid":{"rendered":"https:\/\/www.almacenflotablanca.com\/web\/producto\/bicicleta-rin-12-sprint-sin-kit-verde\/"},"modified":"2026-04-15T16:12:17","modified_gmt":"2026-04-15T21:12:17","slug":"bicicleta-rin-12-sprint-sin-kit-verde","status":"publish","type":"product","link":"https:\/\/www.almacenflotablanca.com\/web\/producto\/bicicleta-rin-12-sprint-sin-kit-verde\/","title":{"rendered":"BICICLETA RIN 12 SPRINT SIN KIT VERDE"},"content":{"rendered":"<p>Marco en acero con caja peque\u00f1a<br \/>\nTenedor en acero con espigo de rosca<br \/>\nCodo bmx en acero<br \/>\nDirecci\u00f3n bmx en acero<br \/>\nSistema de freno v-brake en resina<br \/>\nRelaci\u00f3n en acero 28t<br \/>\nPi\u00f1\u00f3n marr\u00f3n 16t<br \/>\nManzana en acero<br \/>\nAros en aluminio color natural, Llantas flip 12X1\/2X2 1\/4<br \/>\nPedales en resina 9\/16<\/p>\n","protected":false},"excerpt":{"rendered":"<p>Marco en acero con caja peque\u00f1a Tenedor en acero con espigo de rosca Codo bmx en acero Direcci\u00f3n bmx en acero Sistema de freno v-brake en resina Relaci\u00f3n en acero 28t Pi\u00f1\u00f3n marr\u00f3n 16t Manzana en acero Aros en aluminio color natural, Llantas flip 12X1\/2X2 1\/4 Pedales en resina 9\/16<\/p>\n","protected":false},"featured_media":237375,"template":"","meta":{"_et_pb_use_builder":"","_et_pb_old_content":"","_et_gb_content_width":""},"product_brand":[],"product_cat":[74,64],"product_tag":[],"class_list":{"0":"post-237378","1":"product","2":"type-product","3":"status-publish","4":"has-post-thumbnail","6":"product_cat-bicicletas","7":"product_cat-bicicletas-infantiles","9":"first","10":"instock","11":"taxable","12":"shipping-taxable","13":"purchasable","14":"product-type-simple"},"_links":{"self":[{"href":"https:\/\/www.almacenflotablanca.com\/web\/wp-json\/wp\/v2\/product\/237378","targetHints":{"allow":["GET"]}}],"collection":[{"href":"https:\/\/www.almacenflotablanca.com\/web\/wp-json\/wp\/v2\/product"}],"about":[{"href":"https:\/\/www.almacenflotablanca.com\/web\/wp-json\/wp\/v2\/types\/product"}],"wp:featuredmedia":[{"embeddable":true,"href":"https:\/\/www.almacenflotablanca.com\/web\/wp-json\/wp\/v2\/media\/237375"}],"wp:attachment":[{"href":"https:\/\/www.almacenflotablanca.com\/web\/wp-json\/wp\/v2\/media?parent=237378"}],"wp:term":[{"taxonomy":"product_brand","embeddable":true,"href":"https:\/\/www.almacenflotablanca.com\/web\/wp-json\/wp\/v2\/product_brand?post=237378"},{"taxonomy":"product_cat","embeddable":true,"href":"https:\/\/www.almacenflotablanca.com\/web\/wp-json\/wp\/v2\/product_cat?post=237378"},{"taxonomy":"product_tag","embeddable":true,"href":"https:\/\/www.almacenflotablanca.com\/web\/wp-json\/wp\/v2\/product_tag?post=237378"}],"curies":[{"name":"wp","href":"https:\/\/api.w.org\/{rel}","templated":true}]}}