{"id":237616,"date":"2024-01-19T10:28:45","date_gmt":"2024-01-19T15:28:45","guid":{"rendered":"https:\/\/www.almacenflotablanca.com\/web\/?post_type=product&#038;p=237616"},"modified":"2026-04-15T16:11:43","modified_gmt":"2026-04-15T21:11:43","slug":"paseador-mega-car-victory-ebaby-usb-azul","status":"publish","type":"product","link":"https:\/\/www.almacenflotablanca.com\/web\/producto\/paseador-mega-car-victory-ebaby-usb-azul\/","title":{"rendered":"PASEADOR MEGA CAR VICTORY EBABY USB AZUL"},"content":{"rendered":"<p>carro montable, luces y sonidos, puertos USB y auxiliar, bodega debajo de la silla, reposapies, brazos de seguridad, palanca para empujar, parasol, direcci\u00f3n funcional, se puede retirar los brazos de seguridad, la palanca de empujar, el parasol y los reposapies para que el ni\u00f1o se impulse por s\u00ed solo con los pies.<\/p>\n<p>Edad recomendada de 1 a 2 a\u00f1os<\/p>\n","protected":false},"excerpt":{"rendered":"<ul>\n<li>carro montable<\/li>\n<li>luces y sonidos<\/li>\n<li>puertos USB<\/li>\n<\/ul>\n","protected":false},"featured_media":237617,"template":"","meta":{"_et_pb_use_builder":"","_et_pb_old_content":"","_et_gb_content_width":""},"product_brand":[],"product_cat":[97],"product_tag":[553],"class_list":{"0":"post-237616","1":"product","2":"type-product","3":"status-publish","4":"has-post-thumbnail","6":"product_cat-triciclos","7":"product_tag-paseador","9":"first","10":"instock","11":"taxable","12":"shipping-taxable","13":"purchasable","14":"product-type-simple"},"_links":{"self":[{"href":"https:\/\/www.almacenflotablanca.com\/web\/wp-json\/wp\/v2\/product\/237616","targetHints":{"allow":["GET"]}}],"collection":[{"href":"https:\/\/www.almacenflotablanca.com\/web\/wp-json\/wp\/v2\/product"}],"about":[{"href":"https:\/\/www.almacenflotablanca.com\/web\/wp-json\/wp\/v2\/types\/product"}],"wp:featuredmedia":[{"embeddable":true,"href":"https:\/\/www.almacenflotablanca.com\/web\/wp-json\/wp\/v2\/media\/237617"}],"wp:attachment":[{"href":"https:\/\/www.almacenflotablanca.com\/web\/wp-json\/wp\/v2\/media?parent=237616"}],"wp:term":[{"taxonomy":"product_brand","embeddable":true,"href":"https:\/\/www.almacenflotablanca.com\/web\/wp-json\/wp\/v2\/product_brand?post=237616"},{"taxonomy":"product_cat","embeddable":true,"href":"https:\/\/www.almacenflotablanca.com\/web\/wp-json\/wp\/v2\/product_cat?post=237616"},{"taxonomy":"product_tag","embeddable":true,"href":"https:\/\/www.almacenflotablanca.com\/web\/wp-json\/wp\/v2\/product_tag?post=237616"}],"curies":[{"name":"wp","href":"https:\/\/api.w.org\/{rel}","templated":true}]}}