{"id":237758,"date":"2024-03-27T17:39:40","date_gmt":"2024-03-27T22:39:40","guid":{"rendered":"https:\/\/www.almacenflotablanca.com\/web\/?post_type=product&#038;p=237758"},"modified":"2026-04-15T16:11:52","modified_gmt":"2026-04-15T21:11:52","slug":"bomba-beto-cld-038g-telescopica","status":"publish","type":"product","link":"https:\/\/www.almacenflotablanca.com\/web\/producto\/bomba-beto-cld-038g-telescopica\/","title":{"rendered":"BOMBA BETO CLD-038G TELESCOPICA"},"content":{"rendered":"<p>Descripci\u00f3n: Cuenta con una estructura ligera y compacta, cabezal doble v\u00e1lvula, es compatible con v\u00e1lvulas Presta, Schrader y Dunlop, tiene reloj indicador de presi\u00f3n, cuenta con soporte para llevar en la bicicleta, 8BAR\/120PSI<\/p>\n","protected":false},"excerpt":{"rendered":"<p>Descripci\u00f3n: Cuenta con una estructura ligera y compacta, cabezal doble v\u00e1lvula, es compatible con v\u00e1lvulas Presta, Schrader y Dunlop, tiene reloj indicador de presi\u00f3n, cuenta con soporte para llevar en la bicicleta, 8BAR\/120PSI<\/p>\n","protected":false},"featured_media":237759,"template":"","meta":{"_et_pb_use_builder":"","_et_pb_old_content":"","_et_gb_content_width":""},"product_brand":[],"product_cat":[15,179,53,74],"product_tag":[],"class_list":{"0":"post-237758","1":"product","2":"type-product","3":"status-publish","4":"has-post-thumbnail","6":"product_cat-productos","7":"product_cat-accesorios","8":"product_cat-accesorios-deportivos","9":"product_cat-bicicletas","11":"first","12":"instock","13":"taxable","14":"shipping-taxable","15":"purchasable","16":"product-type-simple"},"_links":{"self":[{"href":"https:\/\/www.almacenflotablanca.com\/web\/wp-json\/wp\/v2\/product\/237758","targetHints":{"allow":["GET"]}}],"collection":[{"href":"https:\/\/www.almacenflotablanca.com\/web\/wp-json\/wp\/v2\/product"}],"about":[{"href":"https:\/\/www.almacenflotablanca.com\/web\/wp-json\/wp\/v2\/types\/product"}],"wp:featuredmedia":[{"embeddable":true,"href":"https:\/\/www.almacenflotablanca.com\/web\/wp-json\/wp\/v2\/media\/237759"}],"wp:attachment":[{"href":"https:\/\/www.almacenflotablanca.com\/web\/wp-json\/wp\/v2\/media?parent=237758"}],"wp:term":[{"taxonomy":"product_brand","embeddable":true,"href":"https:\/\/www.almacenflotablanca.com\/web\/wp-json\/wp\/v2\/product_brand?post=237758"},{"taxonomy":"product_cat","embeddable":true,"href":"https:\/\/www.almacenflotablanca.com\/web\/wp-json\/wp\/v2\/product_cat?post=237758"},{"taxonomy":"product_tag","embeddable":true,"href":"https:\/\/www.almacenflotablanca.com\/web\/wp-json\/wp\/v2\/product_tag?post=237758"}],"curies":[{"name":"wp","href":"https:\/\/api.w.org\/{rel}","templated":true}]}}