{"id":238041,"date":"2024-04-29T17:36:30","date_gmt":"2024-04-29T22:36:30","guid":{"rendered":"https:\/\/www.almacenflotablanca.com\/web\/?post_type=product&#038;p=238041"},"modified":"2026-04-15T16:10:58","modified_gmt":"2026-04-15T21:10:58","slug":"bola-gimnasia-65-cm-gb-1065-sportfitness","status":"publish","type":"product","link":"https:\/\/www.almacenflotablanca.com\/web\/producto\/bola-gimnasia-65-cm-gb-1065-sportfitness\/","title":{"rendered":"BOLA GIMNASIA 65 CM GB-1065 SPORTFITNESS"},"content":{"rendered":"<p><strong>Descripci\u00f3n:<\/strong> bola de gimnasia sportfitness de 65cm di\u00e1metro, fabricada en el\u00e1stico de alta resistencia, tap\u00f3n de seguridad extra\u00edble para poder inflar y desinflar a necesidad, colores variados<\/p>\n","protected":false},"excerpt":{"rendered":"<p>Descripci\u00f3n: bola de gimnasia sportfitness de 65cm di\u00e1metro, fabricada en el\u00e1stico de alta resistencia, tap\u00f3n de seguridad extra\u00edble para poder inflar y desinflar a necesidad, colores variados<\/p>\n","protected":false},"featured_media":238043,"template":"","meta":{"_et_pb_use_builder":"","_et_pb_old_content":"","_et_gb_content_width":""},"product_brand":[],"product_cat":[15,53,126,73,134],"product_tag":[],"class_list":{"0":"post-238041","1":"product","2":"type-product","3":"status-publish","4":"has-post-thumbnail","6":"product_cat-productos","7":"product_cat-accesorios-deportivos","8":"product_cat-balones","9":"product_cat-equipos-de-gimnasio","10":"product_cat-funcional","12":"first","13":"instock","14":"taxable","15":"shipping-taxable","16":"purchasable","17":"product-type-simple"},"_links":{"self":[{"href":"https:\/\/www.almacenflotablanca.com\/web\/wp-json\/wp\/v2\/product\/238041","targetHints":{"allow":["GET"]}}],"collection":[{"href":"https:\/\/www.almacenflotablanca.com\/web\/wp-json\/wp\/v2\/product"}],"about":[{"href":"https:\/\/www.almacenflotablanca.com\/web\/wp-json\/wp\/v2\/types\/product"}],"wp:featuredmedia":[{"embeddable":true,"href":"https:\/\/www.almacenflotablanca.com\/web\/wp-json\/wp\/v2\/media\/238043"}],"wp:attachment":[{"href":"https:\/\/www.almacenflotablanca.com\/web\/wp-json\/wp\/v2\/media?parent=238041"}],"wp:term":[{"taxonomy":"product_brand","embeddable":true,"href":"https:\/\/www.almacenflotablanca.com\/web\/wp-json\/wp\/v2\/product_brand?post=238041"},{"taxonomy":"product_cat","embeddable":true,"href":"https:\/\/www.almacenflotablanca.com\/web\/wp-json\/wp\/v2\/product_cat?post=238041"},{"taxonomy":"product_tag","embeddable":true,"href":"https:\/\/www.almacenflotablanca.com\/web\/wp-json\/wp\/v2\/product_tag?post=238041"}],"curies":[{"name":"wp","href":"https:\/\/api.w.org\/{rel}","templated":true}]}}