{"id":238070,"date":"2024-05-04T18:24:11","date_gmt":"2024-05-04T23:24:11","guid":{"rendered":"https:\/\/www.almacenflotablanca.com\/web\/?post_type=product&#038;p=238070"},"modified":"2026-04-15T16:11:01","modified_gmt":"2026-04-15T21:11:01","slug":"soporte-de-trabajo-para-barras-sport-fitness","status":"publish","type":"product","link":"https:\/\/www.almacenflotablanca.com\/web\/producto\/soporte-de-trabajo-para-barras-sport-fitness\/","title":{"rendered":"SOPORTE DE TRABAJO PARA BARRAS SPORT FITNESS"},"content":{"rendered":"<p><strong>Descripci\u00f3n:<\/strong> Estructura en hierro de alta resistencia con forma ergon\u00f3mica, correa ajustable en nylon de alta resistencia, uso dom\u00e9stico, institucional y profesional.<\/p>\n","protected":false},"excerpt":{"rendered":"<p>Descripci\u00f3n: Estructura en hierro de alta resistencia con forma ergon\u00f3mica, correa ajustable en nylon de alta resistencia, uso dom\u00e9stico, institucional y profesional.<\/p>\n","protected":false},"featured_media":238071,"template":"","meta":{"_et_pb_use_builder":"","_et_pb_old_content":"","_et_gb_content_width":""},"product_brand":[],"product_cat":[15,53,148,54,73,135,108,168],"product_tag":[],"class_list":{"0":"post-238070","1":"product","2":"type-product","3":"status-publish","4":"has-post-thumbnail","6":"product_cat-productos","7":"product_cat-accesorios-deportivos","8":"product_cat-chaleco","9":"product_cat-deportes","10":"product_cat-equipos-de-gimnasio","11":"product_cat-fuerza","12":"product_cat-multifuncional","13":"product_cat-soportes-para-flexion","15":"first","16":"instock","17":"taxable","18":"shipping-taxable","19":"purchasable","20":"product-type-simple"},"_links":{"self":[{"href":"https:\/\/www.almacenflotablanca.com\/web\/wp-json\/wp\/v2\/product\/238070","targetHints":{"allow":["GET"]}}],"collection":[{"href":"https:\/\/www.almacenflotablanca.com\/web\/wp-json\/wp\/v2\/product"}],"about":[{"href":"https:\/\/www.almacenflotablanca.com\/web\/wp-json\/wp\/v2\/types\/product"}],"wp:featuredmedia":[{"embeddable":true,"href":"https:\/\/www.almacenflotablanca.com\/web\/wp-json\/wp\/v2\/media\/238071"}],"wp:attachment":[{"href":"https:\/\/www.almacenflotablanca.com\/web\/wp-json\/wp\/v2\/media?parent=238070"}],"wp:term":[{"taxonomy":"product_brand","embeddable":true,"href":"https:\/\/www.almacenflotablanca.com\/web\/wp-json\/wp\/v2\/product_brand?post=238070"},{"taxonomy":"product_cat","embeddable":true,"href":"https:\/\/www.almacenflotablanca.com\/web\/wp-json\/wp\/v2\/product_cat?post=238070"},{"taxonomy":"product_tag","embeddable":true,"href":"https:\/\/www.almacenflotablanca.com\/web\/wp-json\/wp\/v2\/product_tag?post=238070"}],"curies":[{"name":"wp","href":"https:\/\/api.w.org\/{rel}","templated":true}]}}