{"id":238109,"date":"2024-05-15T09:21:19","date_gmt":"2024-05-15T14:21:19","guid":{"rendered":"https:\/\/www.almacenflotablanca.com\/web\/?post_type=product&#038;p=238109"},"modified":"2026-04-15T16:11:14","modified_gmt":"2026-04-15T21:11:14","slug":"bandas-de-rodilla-para-sentadilla-sportfitness","status":"publish","type":"product","link":"https:\/\/www.almacenflotablanca.com\/web\/producto\/bandas-de-rodilla-para-sentadilla-sportfitness\/","title":{"rendered":"BANDAS DE RODILLA PARA SENTADILLA SPORTFITNESS"},"content":{"rendered":"<p><strong>Descripci\u00f3n:<\/strong> Fabricadas en nylon, poli\u00e9ster y l\u00e1tex de alta resistencia. Con velcro para mejor ajuste, talla \u00fanica.<\/p>\n","protected":false},"excerpt":{"rendered":"<p>Descripci\u00f3n: Fabricadas en nylon, poli\u00e9ster y l\u00e1tex de alta resistencia. Con velcro para mejor ajuste, talla \u00fanica.<\/p>\n","protected":false},"featured_media":238110,"template":"","meta":{"_et_pb_use_builder":"","_et_pb_old_content":"","_et_gb_content_width":""},"product_brand":[],"product_cat":[15,53,137,54,73,135,134],"product_tag":[],"class_list":{"0":"post-238109","1":"product","2":"type-product","3":"status-publish","4":"has-post-thumbnail","6":"product_cat-productos","7":"product_cat-accesorios-deportivos","8":"product_cat-bandas","9":"product_cat-deportes","10":"product_cat-equipos-de-gimnasio","11":"product_cat-fuerza","12":"product_cat-funcional","14":"first","15":"instock","16":"taxable","17":"shipping-taxable","18":"purchasable","19":"product-type-simple"},"_links":{"self":[{"href":"https:\/\/www.almacenflotablanca.com\/web\/wp-json\/wp\/v2\/product\/238109","targetHints":{"allow":["GET"]}}],"collection":[{"href":"https:\/\/www.almacenflotablanca.com\/web\/wp-json\/wp\/v2\/product"}],"about":[{"href":"https:\/\/www.almacenflotablanca.com\/web\/wp-json\/wp\/v2\/types\/product"}],"wp:featuredmedia":[{"embeddable":true,"href":"https:\/\/www.almacenflotablanca.com\/web\/wp-json\/wp\/v2\/media\/238110"}],"wp:attachment":[{"href":"https:\/\/www.almacenflotablanca.com\/web\/wp-json\/wp\/v2\/media?parent=238109"}],"wp:term":[{"taxonomy":"product_brand","embeddable":true,"href":"https:\/\/www.almacenflotablanca.com\/web\/wp-json\/wp\/v2\/product_brand?post=238109"},{"taxonomy":"product_cat","embeddable":true,"href":"https:\/\/www.almacenflotablanca.com\/web\/wp-json\/wp\/v2\/product_cat?post=238109"},{"taxonomy":"product_tag","embeddable":true,"href":"https:\/\/www.almacenflotablanca.com\/web\/wp-json\/wp\/v2\/product_tag?post=238109"}],"curies":[{"name":"wp","href":"https:\/\/api.w.org\/{rel}","templated":true}]}}