{"id":238643,"date":"2024-09-02T15:45:34","date_gmt":"2024-09-02T20:45:34","guid":{"rendered":"https:\/\/www.almacenflotablanca.com\/web\/?post_type=product&#038;p=238643"},"modified":"2026-04-15T16:11:27","modified_gmt":"2026-04-15T21:11:27","slug":"portacaramanola-sport-200-t-carbon-exustar","status":"publish","type":"product","link":"https:\/\/www.almacenflotablanca.com\/web\/producto\/portacaramanola-sport-200-t-carbon-exustar\/","title":{"rendered":"PORTACARAMA\u00d1OLA SPORT 200 T\/CARBON EXUSTAR"},"content":{"rendered":"<p>El soporte para carama\u00f1ola exustar est\u00e1 fabricado en policarbonato cubierto por una pel\u00edcula tipo carb\u00f3n, ideal para ruta y MTB, para botellas de 500cc a 750cc, de f\u00e1cil instalaci\u00f3n, tornillos incluidos.<\/p>\n","protected":false},"excerpt":{"rendered":"<p>El soporte para carama\u00f1ola exustar est\u00e1 fabricado en policarbonato cubierto por una pel\u00edcula tipo carb\u00f3n, ideal para ruta y MTB, para botellas de 500cc a 750cc, de f\u00e1cil instalaci\u00f3n, tornillos incluidos.<\/p>\n","protected":false},"featured_media":238725,"template":"","meta":{"_et_pb_use_builder":"","_et_pb_old_content":"","_et_gb_content_width":""},"product_brand":[],"product_cat":[15,179,53,74],"product_tag":[],"class_list":{"0":"post-238643","1":"product","2":"type-product","3":"status-publish","4":"has-post-thumbnail","6":"product_cat-productos","7":"product_cat-accesorios","8":"product_cat-accesorios-deportivos","9":"product_cat-bicicletas","11":"first","12":"instock","13":"taxable","14":"shipping-taxable","15":"purchasable","16":"product-type-simple"},"_links":{"self":[{"href":"https:\/\/www.almacenflotablanca.com\/web\/wp-json\/wp\/v2\/product\/238643","targetHints":{"allow":["GET"]}}],"collection":[{"href":"https:\/\/www.almacenflotablanca.com\/web\/wp-json\/wp\/v2\/product"}],"about":[{"href":"https:\/\/www.almacenflotablanca.com\/web\/wp-json\/wp\/v2\/types\/product"}],"wp:featuredmedia":[{"embeddable":true,"href":"https:\/\/www.almacenflotablanca.com\/web\/wp-json\/wp\/v2\/media\/238725"}],"wp:attachment":[{"href":"https:\/\/www.almacenflotablanca.com\/web\/wp-json\/wp\/v2\/media?parent=238643"}],"wp:term":[{"taxonomy":"product_brand","embeddable":true,"href":"https:\/\/www.almacenflotablanca.com\/web\/wp-json\/wp\/v2\/product_brand?post=238643"},{"taxonomy":"product_cat","embeddable":true,"href":"https:\/\/www.almacenflotablanca.com\/web\/wp-json\/wp\/v2\/product_cat?post=238643"},{"taxonomy":"product_tag","embeddable":true,"href":"https:\/\/www.almacenflotablanca.com\/web\/wp-json\/wp\/v2\/product_tag?post=238643"}],"curies":[{"name":"wp","href":"https:\/\/api.w.org\/{rel}","templated":true}]}}