{"id":238852,"date":"2024-09-30T15:51:49","date_gmt":"2024-09-30T20:51:49","guid":{"rendered":"https:\/\/www.almacenflotablanca.com\/web\/?post_type=product&#038;p=238852"},"modified":"2026-04-15T16:10:53","modified_gmt":"2026-04-15T21:10:53","slug":"bicicleta-todoterreno-rin-27-5-gw-monkey-aluminio-7vel-mec-violeta-t-13","status":"publish","type":"product","link":"https:\/\/www.almacenflotablanca.com\/web\/producto\/bicicleta-todoterreno-rin-27-5-gw-monkey-aluminio-7vel-mec-violeta-t-13\/","title":{"rendered":"BICICLETA TODOTERRENO RIN 27.5 GW MONKEY ALUMINIO 7VEL MEC VIOLETA T\/13"},"content":{"rendered":"<p>Marco en aluminio con cableado interno<br \/>\nSuspensi\u00f3n gw<br \/>\nCodo y Direcci\u00f3n en aluminio<br \/>\nSistema de freno de disco mec\u00e1nico<br \/>\nPalancas GW de 3X7 velocidades<br \/>\nRelaci\u00f3n GW biela en aluminio<br \/>\nPacha roscada<br \/>\nDescarrilador y Tensor turney<br \/>\nManzana en acero de 36 huecos<br \/>\nAros en aluminio, Llantas ponelly 27.5X2.0<br \/>\nPedales en resina<\/p>\n","protected":false},"excerpt":{"rendered":"<p>Marco en aluminio con cableado interno Suspensi\u00f3n gw Codo y Direcci\u00f3n en aluminio Sistema de freno de disco mec\u00e1nico Palancas GW de 3X7 velocidades Relaci\u00f3n GW biela en aluminio Pacha roscada Descarrilador y Tensor turney Manzana en acero de 36 huecos Aros en aluminio, Llantas ponelly 27.5X2.0 Pedales en resina<\/p>\n","protected":false},"featured_media":238853,"template":"","meta":{"_et_pb_use_builder":"","_et_pb_old_content":"","_et_gb_content_width":""},"product_brand":[],"product_cat":[15,74,138],"product_tag":[],"class_list":{"0":"post-238852","1":"product","2":"type-product","3":"status-publish","4":"has-post-thumbnail","6":"product_cat-productos","7":"product_cat-bicicletas","8":"product_cat-bicicletas-de-montana","10":"first","11":"outofstock","12":"taxable","13":"shipping-taxable","14":"purchasable","15":"product-type-simple"},"_links":{"self":[{"href":"https:\/\/www.almacenflotablanca.com\/web\/wp-json\/wp\/v2\/product\/238852","targetHints":{"allow":["GET"]}}],"collection":[{"href":"https:\/\/www.almacenflotablanca.com\/web\/wp-json\/wp\/v2\/product"}],"about":[{"href":"https:\/\/www.almacenflotablanca.com\/web\/wp-json\/wp\/v2\/types\/product"}],"wp:featuredmedia":[{"embeddable":true,"href":"https:\/\/www.almacenflotablanca.com\/web\/wp-json\/wp\/v2\/media\/238853"}],"wp:attachment":[{"href":"https:\/\/www.almacenflotablanca.com\/web\/wp-json\/wp\/v2\/media?parent=238852"}],"wp:term":[{"taxonomy":"product_brand","embeddable":true,"href":"https:\/\/www.almacenflotablanca.com\/web\/wp-json\/wp\/v2\/product_brand?post=238852"},{"taxonomy":"product_cat","embeddable":true,"href":"https:\/\/www.almacenflotablanca.com\/web\/wp-json\/wp\/v2\/product_cat?post=238852"},{"taxonomy":"product_tag","embeddable":true,"href":"https:\/\/www.almacenflotablanca.com\/web\/wp-json\/wp\/v2\/product_tag?post=238852"}],"curies":[{"name":"wp","href":"https:\/\/api.w.org\/{rel}","templated":true}]}}