{"id":239158,"date":"2025-01-29T15:08:45","date_gmt":"2025-01-29T20:08:45","guid":{"rendered":"https:\/\/www.almacenflotablanca.com\/web\/?post_type=product&#038;p=239158"},"modified":"2026-04-15T16:11:19","modified_gmt":"2026-04-15T21:11:19","slug":"pantaloneta-alfa-con-tirantas-hombre-talla-xl","status":"publish","type":"product","link":"https:\/\/www.almacenflotablanca.com\/web\/producto\/pantaloneta-alfa-con-tirantas-hombre-talla-xl\/","title":{"rendered":"PANTALONETA ALFA CON TIRANTAS HOMBRE TALLA XL"},"content":{"rendered":"<p>Dise\u00f1ada para ofrecer el m\u00e1ximo rendimiento en recorridos de hasta 5 horas, esta prenda cuenta con una\u00a0badana TRB\u00ae T3\u00a0que proporciona una comodidad excepcional en cada pedalada. La\u00a0compresi\u00f3n muscular con Lycra\u00ae Pro 200g\u00a0asegura un ajuste perfecto y soporte \u00f3ptimo durante todo el trayecto.<\/p>\n<p>El\u00a0transporte de humedad T-DRY\u00ae mantiene tu piel fresca, mientras que la espalda T-MESH\u00ae\u00a0ofrece una excelente ventilaci\u00f3n. Las\u00a0tirantas T-XPAND\u00ae garantizan un ajuste seguro y c\u00f3modo, adapt\u00e1ndose a tus movimientos, Adem\u00e1s incluye protecci\u00f3n solar T-SUN\u00ae (SPF50) para proteger tu piel de los rayos UV<\/p>\n<ul>\n<li>Para recorridos de hasta 5 horas<\/li>\n<li>Color Negro<\/li>\n<li>Badana TRB\u00ae T3 (Ver imagen)<\/li>\n<li>Compresi\u00f3n muscular con Lycra\u00ae Pro 200g<\/li>\n<li>Transporte de humedad T-DRY\u00ae<\/li>\n<li>Espalda T-MESH\u00ae<\/li>\n<li>Tirantas T- XPAND\u00ae<\/li>\n<li>Protecci\u00f3n solar T-SUN\u00ae (SPF50)<\/li>\n<li>Insertos reflectivos T-GLOW\u00ae<\/li>\n<\/ul>\n","protected":false},"excerpt":{"rendered":"<p>Dise\u00f1ada para ofrecer el m\u00e1ximo rendimiento en recorridos de hasta 5 horas, esta prenda cuenta con una\u00a0badana TRB\u00ae T3\u00a0que proporciona una comodidad excepcional en cada pedalada. La\u00a0compresi\u00f3n muscular con Lycra\u00ae Pro 200g\u00a0asegura un ajuste perfecto y soporte \u00f3ptimo durante todo el trayecto. El\u00a0transporte de humedad T-DRY\u00ae mantiene tu piel fresca, mientras que la espalda T-MESH\u00ae\u00a0ofrece [&hellip;]<\/p>\n","protected":false},"featured_media":239159,"template":"","meta":{"_et_pb_use_builder":"","_et_pb_old_content":"","_et_gb_content_width":""},"product_brand":[],"product_cat":[559],"product_tag":[],"class_list":{"0":"post-239158","1":"product","2":"type-product","3":"status-publish","4":"has-post-thumbnail","6":"product_cat-uniformes","8":"first","9":"outofstock","10":"taxable","11":"shipping-taxable","12":"purchasable","13":"product-type-simple"},"_links":{"self":[{"href":"https:\/\/www.almacenflotablanca.com\/web\/wp-json\/wp\/v2\/product\/239158","targetHints":{"allow":["GET"]}}],"collection":[{"href":"https:\/\/www.almacenflotablanca.com\/web\/wp-json\/wp\/v2\/product"}],"about":[{"href":"https:\/\/www.almacenflotablanca.com\/web\/wp-json\/wp\/v2\/types\/product"}],"wp:featuredmedia":[{"embeddable":true,"href":"https:\/\/www.almacenflotablanca.com\/web\/wp-json\/wp\/v2\/media\/239159"}],"wp:attachment":[{"href":"https:\/\/www.almacenflotablanca.com\/web\/wp-json\/wp\/v2\/media?parent=239158"}],"wp:term":[{"taxonomy":"product_brand","embeddable":true,"href":"https:\/\/www.almacenflotablanca.com\/web\/wp-json\/wp\/v2\/product_brand?post=239158"},{"taxonomy":"product_cat","embeddable":true,"href":"https:\/\/www.almacenflotablanca.com\/web\/wp-json\/wp\/v2\/product_cat?post=239158"},{"taxonomy":"product_tag","embeddable":true,"href":"https:\/\/www.almacenflotablanca.com\/web\/wp-json\/wp\/v2\/product_tag?post=239158"}],"curies":[{"name":"wp","href":"https:\/\/api.w.org\/{rel}","templated":true}]}}