{"id":312,"date":"2019-07-02T23:24:42","date_gmt":"2019-07-03T04:24:42","guid":{"rendered":"https:\/\/www.almacenflotablanca.com\/web\/?post_type=product&#038;p=312"},"modified":"2026-04-15T16:11:14","modified_gmt":"2026-04-15T21:11:14","slug":"caminadora-versalles-sport-fitness-td136a-negro","status":"publish","type":"product","link":"https:\/\/www.almacenflotablanca.com\/web\/producto\/caminadora-versalles-sport-fitness-td136a-negro\/","title":{"rendered":"Caminadora Versalles Sport Fitness Negro"},"content":{"rendered":"<p>Caminadora Versalles Sport Fitness Negro, plegable ahorradora de espacio, cuenta con una pintura electrost\u00e1tica de alta calidad. Una cinta de correr, cinta ergo m\u00e9trica, caminadora de banda o m\u00e1quina de caminar es una m\u00e1quina para entrenamiento f\u00edsico que puede funcionar mediante propulsi\u00f3n el\u00e9ctrica o manual, y que\u00a0sirve para correr o andar sin moverse de un mismo sitio. Es considerada como una de las m\u00e1quinas de ejercicio cardiovascular con mayor n\u00famero de ventas a nivel mundial. Su uso es adecuado para la pr\u00e1ctica de deporte, simulando el trote que podr\u00edamos llevar en un espacio abierto. No obstante, tambi\u00e9n es utilizada para\u00a0fines terap\u00e9uticos\u00a0o de diagn\u00f3stico en centros m\u00e9dicos o de rehabilitaci\u00f3n.<\/p>\n","protected":false},"excerpt":{"rendered":"<p>&#8211; Motor DC: 1,0 HP<br \/>\n&#8211; Velocidad: 0,6 &#8211; 8km\/h<br \/>\n&#8211; Pantalla LCD : Tiempo, Velocidad, Distancia, Calor\u00edas<br \/>\n&#8211; Peso M\u00e1ximo de Usuario: 80 Kg<br \/>\n&#8211; \u00c1rea \u00datil: Largo 100cms, Ancho 36cms<br \/>\n&#8211; Uso: Dom\u00e9stico<\/p>\n","protected":false},"featured_media":233488,"template":"","meta":{"_et_pb_use_builder":"","_et_pb_old_content":"","_et_gb_content_width":""},"product_brand":[],"product_cat":[17],"product_tag":[],"class_list":{"0":"post-312","1":"product","2":"type-product","3":"status-publish","4":"has-post-thumbnail","6":"product_cat-caminadoras","8":"first","9":"outofstock","10":"taxable","11":"shipping-taxable","12":"purchasable","13":"product-type-simple"},"_links":{"self":[{"href":"https:\/\/www.almacenflotablanca.com\/web\/wp-json\/wp\/v2\/product\/312","targetHints":{"allow":["GET"]}}],"collection":[{"href":"https:\/\/www.almacenflotablanca.com\/web\/wp-json\/wp\/v2\/product"}],"about":[{"href":"https:\/\/www.almacenflotablanca.com\/web\/wp-json\/wp\/v2\/types\/product"}],"wp:featuredmedia":[{"embeddable":true,"href":"https:\/\/www.almacenflotablanca.com\/web\/wp-json\/wp\/v2\/media\/233488"}],"wp:attachment":[{"href":"https:\/\/www.almacenflotablanca.com\/web\/wp-json\/wp\/v2\/media?parent=312"}],"wp:term":[{"taxonomy":"product_brand","embeddable":true,"href":"https:\/\/www.almacenflotablanca.com\/web\/wp-json\/wp\/v2\/product_brand?post=312"},{"taxonomy":"product_cat","embeddable":true,"href":"https:\/\/www.almacenflotablanca.com\/web\/wp-json\/wp\/v2\/product_cat?post=312"},{"taxonomy":"product_tag","embeddable":true,"href":"https:\/\/www.almacenflotablanca.com\/web\/wp-json\/wp\/v2\/product_tag?post=312"}],"curies":[{"name":"wp","href":"https:\/\/api.w.org\/{rel}","templated":true}]}}