{"id":322,"date":"2019-07-13T21:58:40","date_gmt":"2019-07-14T02:58:40","guid":{"rendered":"https:\/\/www.almacenflotablanca.com\/web\/?post_type=product&#038;p=322"},"modified":"2026-04-15T16:10:58","modified_gmt":"2026-04-15T21:10:58","slug":"eliptica-super-combo-sport-fitness-wt-8-2sgast-gris-con-negro","status":"publish","type":"product","link":"https:\/\/www.almacenflotablanca.com\/web\/producto\/eliptica-super-combo-sport-fitness-wt-8-2sgast-gris-con-negro\/","title":{"rendered":"El\u00edptica Super Combo Sport Fitness Gris con Negro"},"content":{"rendered":"<p>El\u00edptica Super Combo Sport Fitness Gris con Negro. La el\u00edptica aporta al deportista una gran cantidad de beneficios y un riesgo de lesi\u00f3n m\u00ednimo, adem\u00e1s de ser una perfecta m\u00e1quina para el trabajo de cardio. Combin\u00e1ndola con otro tipo de trabajo como el twister que te ayudara a moldear cintura y a eliminar la grasa localizada en el \u00e1rea abdominal, el par de mancuernas de 2 y 3 libras que te ayudara a tonificar brazo hombro pecho y podr\u00e1s combinarlas con el ejercicio el\u00edptico, la silla para trabajar el tren inferior en forma de bicicleta est\u00e1tica, el par de bandas el\u00e1sticas sirven para mejorar la fuerza y resistencia, lo cual aumenta el tono de la musculatura y la capacidad de soportar la fatiga que viene de esfuerzos prolongados y por \u00faltimo el escalador te fortalece las piernas, sobre todo los cu\u00e1driceps y los gl\u00fateos; y as\u00ed podr\u00e1s obtener los resultados que desees.<br \/>\nEsta el\u00edptica mec\u00e1nica nos puede aportar grandes ventajas en el gimnasio personal, y adem\u00e1s presenta una gran cantidad de efectos positivos sobre nuestro sistema muscular. La bicicleta el\u00edptica est\u00e1 dise\u00f1ada para todo tipo de entrenamiento, ya sea cardiovascular o de fortalecimiento de piernas, tronco y brazos.<\/p>\n<p>La pantalla es LCD donde puede visualizar la velocidad en la que va pedaleando, la distancia que ha recorrido mientras hace el ejercicio, el tiempo que lleva, las calor\u00edas que ha eliminado y adem\u00e1s tiene unos censores en los remos laterales que le muestra el ritmo card\u00edaco (un promedio de pulsaciones por minuto). M\u00e1quina 6 en 1: El\u00edptica para cardio, Twister para cintura, Escalador para gl\u00fateos y pierna, Bandas el\u00e1sticas, Silla para bicicleta est\u00e1tica, 4 mancuernas para tonificar.<\/p>\n","protected":false},"excerpt":{"rendered":"<p>&#8211; Estructura en acero<br \/>\n&#8211; Carcasa pl\u00e1stica<br \/>\n&#8211; Pintura electrost\u00e1tica<br \/>\n&#8211; Graduaci\u00f3n de esfuerzo en el pedaleo por recorrido<br \/>\n&#8211; Sistema felpa para la tensi\u00f3n<br \/>\n&#8211; Peso m\u00e1ximo de usuario:90 kg<br \/>\n&#8211; Uso: dom\u00e9stico<\/p>\n","protected":false},"featured_media":233515,"template":"","meta":{"_et_pb_use_builder":"","_et_pb_old_content":"","_et_gb_content_width":""},"product_brand":[],"product_cat":[58],"product_tag":[],"class_list":{"0":"post-322","1":"product","2":"type-product","3":"status-publish","4":"has-post-thumbnail","6":"product_cat-elipticas","8":"first","9":"instock","10":"taxable","11":"shipping-taxable","12":"purchasable","13":"product-type-simple"},"_links":{"self":[{"href":"https:\/\/www.almacenflotablanca.com\/web\/wp-json\/wp\/v2\/product\/322","targetHints":{"allow":["GET"]}}],"collection":[{"href":"https:\/\/www.almacenflotablanca.com\/web\/wp-json\/wp\/v2\/product"}],"about":[{"href":"https:\/\/www.almacenflotablanca.com\/web\/wp-json\/wp\/v2\/types\/product"}],"wp:featuredmedia":[{"embeddable":true,"href":"https:\/\/www.almacenflotablanca.com\/web\/wp-json\/wp\/v2\/media\/233515"}],"wp:attachment":[{"href":"https:\/\/www.almacenflotablanca.com\/web\/wp-json\/wp\/v2\/media?parent=322"}],"wp:term":[{"taxonomy":"product_brand","embeddable":true,"href":"https:\/\/www.almacenflotablanca.com\/web\/wp-json\/wp\/v2\/product_brand?post=322"},{"taxonomy":"product_cat","embeddable":true,"href":"https:\/\/www.almacenflotablanca.com\/web\/wp-json\/wp\/v2\/product_cat?post=322"},{"taxonomy":"product_tag","embeddable":true,"href":"https:\/\/www.almacenflotablanca.com\/web\/wp-json\/wp\/v2\/product_tag?post=322"}],"curies":[{"name":"wp","href":"https:\/\/api.w.org\/{rel}","templated":true}]}}

Elíptica Super Combo Sport Fitness Gris con Negro

<p>Elíptica Super Combo Sport Fitness Gris con Negro. La elíptica aporta al deportista una gran cantidad de beneficios y un riesgo de lesión mínimo, además de ser una perfecta máquina para el trabajo de cardio. Combinándola con otro tipo de trabajo como el twister que te ayudara a moldear cintura y a eliminar la grasa localizada en el área abdominal, el par de mancuernas de 2 y 3 libras que te ayudara a tonificar brazo hombro pecho y podrás combinarlas con el ejercicio elíptico, la silla para trabajar el tren inferior en forma de bicicleta estática, el par de bandas elásticas sirven para mejorar la fuerza y resistencia, lo cual aumenta el tono de la musculatura y la capacidad de soportar la fatiga que viene de esfuerzos prolongados y por último el escalador te fortalece las piernas, sobre todo los cuádriceps y los glúteos; y así podrás obtener los resultados que desees.<br />
Esta elíptica mecánica nos puede aportar grandes ventajas en el gimnasio personal, y además presenta una gran cantidad de efectos positivos sobre nuestro sistema muscular. La bicicleta elíptica está diseñada para todo tipo de entrenamiento, ya sea cardiovascular o de fortalecimiento de piernas, tronco y brazos.</p>
<p>La pantalla es LCD donde puede visualizar la velocidad en la que va pedaleando, la distancia que ha recorrido mientras hace el ejercicio, el tiempo que lleva, las calorías que ha eliminado y además tiene unos censores en los remos laterales que le muestra el ritmo cardíaco (un promedio de pulsaciones por minuto). Máquina 6 en 1: Elíptica para cardio, Twister para cintura, Escalador para glúteos y pierna, Bandas elásticas, Silla para bicicleta estática, 4 mancuernas para tonificar.</p>

<p>&#8211; Estructura en acero<br />
&#8211; Carcasa plástica<br />
&#8211; Pintura electrostática<br />
&#8211; Graduación de esfuerzo en el pedaleo por recorrido<br />
&#8211; Sistema felpa para la tensión<br />
&#8211; Peso máximo de usuario:90 kg<br />
&#8211; Uso: doméstico</p>
