{"id":352,"date":"2019-07-14T13:24:01","date_gmt":"2019-07-14T18:24:01","guid":{"rendered":"https:\/\/www.almacenflotablanca.com\/web\/?post_type=product&#038;p=352"},"modified":"2026-04-15T16:11:14","modified_gmt":"2026-04-15T21:11:14","slug":"banda-trotadora-sport-fitness-kd-142dc-negro-con-gris","status":"publish","type":"product","link":"https:\/\/www.almacenflotablanca.com\/web\/producto\/banda-trotadora-sport-fitness-kd-142dc-negro-con-gris\/","title":{"rendered":"Banda Trotadora Sport Fitness KD-142DC Negro con Gris"},"content":{"rendered":"<p>La BANDA TROTADORA MARSELLA es plegable lo que le ahorra un espacio al cerrarla, la pintura es electrost\u00e1tica evitando las molestas descargas de Electricidad est\u00e1tica, el motor es de DC 1,5HP reales, la inclinaci\u00f3n es 0 hasta m\u00e1ximo 15% simulando una pendiente lo cual genera mucho m\u00e1s esfuerzo al trotar o al caminar encima de ella, la velocidad es de \u00a0kil\u00f3metro y va incrementando hasta llegar a 14 Km\/h en donde a partir de 9 km\/h ya se estar\u00eda trotando, la pantalla es de 5\u00a8 \u00a0Display blue light donde puede visualizar la velocidad en la que va trotando o caminado, la distancia que ha recorrido, el tiempo que lleva haciendo el ejercicio, las calor\u00edas que ha eliminado y tambi\u00e9n tiene unos censores a los laterales que le muestra el ritmo card\u00edaco, un promedio de pulsaciones por minuto.<br \/>\nEsta banda trotadora tiene 14 programas preestablecidos con rutinas que van desde la m\u00e1s suave hasta la m\u00e1s exigente logrando quemar muchas calor\u00edas si con lo anterior no es suficiente tiene estas opciones +U1-U3+body fat programa para crear la rutina ideal, contiene 2 altavoces incorporados con lo cual puede conectar el Mp3 o el celular y el peso m\u00e1ximo de usuario de esta banda trotadora es de 100 Kg.<br \/>\nLas medidas en total es de Largo 163cm, ancho 74cm, alto 133cm y la conexi\u00f3n es a 110 voltios.<\/p>\n","protected":false},"excerpt":{"rendered":"<p>La BANDA TROTADORA MARSELLA es plegable lo que le ahorra un espacio al cerrarla, la pintura es electrost\u00e1tica evitando las molestas descargas de Electricidad est\u00e1tica, el motor es de DC 1,5HP reales, la inclinaci\u00f3n es 0 hasta m\u00e1ximo 15% simulando una pendiente lo cual genera mucho m\u00e1s esfuerzo al trotar o al caminar encima de [&hellip;]<\/p>\n","protected":false},"featured_media":233506,"template":"","meta":{"_et_pb_use_builder":"","_et_pb_old_content":"","_et_gb_content_width":""},"product_brand":[],"product_cat":[17],"product_tag":[],"class_list":{"0":"post-352","1":"product","2":"type-product","3":"status-publish","4":"has-post-thumbnail","6":"product_cat-caminadoras","8":"first","9":"instock","10":"taxable","11":"shipping-taxable","12":"purchasable","13":"product-type-simple"},"_links":{"self":[{"href":"https:\/\/www.almacenflotablanca.com\/web\/wp-json\/wp\/v2\/product\/352","targetHints":{"allow":["GET"]}}],"collection":[{"href":"https:\/\/www.almacenflotablanca.com\/web\/wp-json\/wp\/v2\/product"}],"about":[{"href":"https:\/\/www.almacenflotablanca.com\/web\/wp-json\/wp\/v2\/types\/product"}],"wp:featuredmedia":[{"embeddable":true,"href":"https:\/\/www.almacenflotablanca.com\/web\/wp-json\/wp\/v2\/media\/233506"}],"wp:attachment":[{"href":"https:\/\/www.almacenflotablanca.com\/web\/wp-json\/wp\/v2\/media?parent=352"}],"wp:term":[{"taxonomy":"product_brand","embeddable":true,"href":"https:\/\/www.almacenflotablanca.com\/web\/wp-json\/wp\/v2\/product_brand?post=352"},{"taxonomy":"product_cat","embeddable":true,"href":"https:\/\/www.almacenflotablanca.com\/web\/wp-json\/wp\/v2\/product_cat?post=352"},{"taxonomy":"product_tag","embeddable":true,"href":"https:\/\/www.almacenflotablanca.com\/web\/wp-json\/wp\/v2\/product_tag?post=352"}],"curies":[{"name":"wp","href":"https:\/\/api.w.org\/{rel}","templated":true}]}}