{"id":480,"date":"2019-10-17T00:18:09","date_gmt":"2019-10-17T05:18:09","guid":{"rendered":"https:\/\/www.almacenflotablanca.com\/web\/?post_type=product&#038;p=480"},"modified":"2026-04-15T16:10:58","modified_gmt":"2026-04-15T21:10:58","slug":"barra-puerta-sport-fitness-pu1217-negro","status":"publish","type":"product","link":"https:\/\/www.almacenflotablanca.com\/web\/producto\/barra-puerta-sport-fitness-pu1217-negro\/","title":{"rendered":"Barra Puerta Sport Fitness Negro"},"content":{"rendered":"<p>Barra Puerta Sport Fitness Negro, la barra marcopuerta sportfitness tiene agarres m\u00faltiples con sistema antideslizante, sistema de ajuste para el marco de la puerta, la barra marcopuerta sportfitness se usa para el fortalecimiento muscular en el \u00e1mbito de la espalda, dorsales, hombro, b\u00edceps, antebrazo, abdomen con agarres m\u00faltiples con sistema antideslizante.<\/p>\n<p>Convierte el marco de tu puerta en un gimnasio con la Barra multi-funcional que puede ser usada para una gran variedad de ejercicios como dominadas, conocidas como tracci\u00f3n, cristos o Chin-ups. A la vez, la barra multi-funcional te permite ejercitar los b\u00edceps, tr\u00edceps, pectorales, dorsales y abdominales. Todo aquel ejercicio que necesitas para construir el cuerpo que tanto deseas con tan solo dedicarle unos minutos al d\u00eda de forma constante.<\/p>\n","protected":false},"excerpt":{"rendered":"<p>&#8211; Material: estructura en hierro<br \/>\n&#8211; Peso m\u00e1ximo de usuario 120 Kg<br \/>\n&#8211; Sistema de ajuste para el marco de la puerta<br \/>\n&#8211; Uso: domestico<\/p>\n","protected":false},"featured_media":233458,"template":"","meta":{"_et_pb_use_builder":"","_et_pb_old_content":"","_et_gb_content_width":""},"product_brand":[],"product_cat":[168],"product_tag":[],"class_list":{"0":"post-480","1":"product","2":"type-product","3":"status-publish","4":"has-post-thumbnail","6":"product_cat-soportes-para-flexion","8":"first","9":"instock","10":"taxable","11":"shipping-taxable","12":"purchasable","13":"product-type-simple"},"_links":{"self":[{"href":"https:\/\/www.almacenflotablanca.com\/web\/wp-json\/wp\/v2\/product\/480","targetHints":{"allow":["GET"]}}],"collection":[{"href":"https:\/\/www.almacenflotablanca.com\/web\/wp-json\/wp\/v2\/product"}],"about":[{"href":"https:\/\/www.almacenflotablanca.com\/web\/wp-json\/wp\/v2\/types\/product"}],"wp:featuredmedia":[{"embeddable":true,"href":"https:\/\/www.almacenflotablanca.com\/web\/wp-json\/wp\/v2\/media\/233458"}],"wp:attachment":[{"href":"https:\/\/www.almacenflotablanca.com\/web\/wp-json\/wp\/v2\/media?parent=480"}],"wp:term":[{"taxonomy":"product_brand","embeddable":true,"href":"https:\/\/www.almacenflotablanca.com\/web\/wp-json\/wp\/v2\/product_brand?post=480"},{"taxonomy":"product_cat","embeddable":true,"href":"https:\/\/www.almacenflotablanca.com\/web\/wp-json\/wp\/v2\/product_cat?post=480"},{"taxonomy":"product_tag","embeddable":true,"href":"https:\/\/www.almacenflotablanca.com\/web\/wp-json\/wp\/v2\/product_tag?post=480"}],"curies":[{"name":"wp","href":"https:\/\/api.w.org\/{rel}","templated":true}]}}