{"id":521,"date":"2019-10-28T05:49:29","date_gmt":"2019-10-28T10:49:29","guid":{"rendered":"https:\/\/www.almacenflotablanca.com\/web\/?post_type=product&#038;p=521"},"modified":"2026-04-15T16:11:04","modified_gmt":"2026-04-15T21:11:04","slug":"disco-2-5-kg-sport-fitness-con-agarre-negro","status":"publish","type":"product","link":"https:\/\/www.almacenflotablanca.com\/web\/producto\/disco-2-5-kg-sport-fitness-con-agarre-negro\/","title":{"rendered":"Disco 2.5 KG Sport Fitness Con Agarre Negro"},"content":{"rendered":"<p>Disco 2.5 KG Sport Fitness Con Agarre Negro, ideal para ir en cada paso aumentando tus metas usa este disco est\u00e1ndar con agarre de Sport fitness. Est\u00e1ndar con agarre. Material en hierro fundido incluye disco est\u00e1ndar 2.5 kg con agarre, este disco est\u00e1ndar cuenta con una entrada de 1 pulgada, ya que la mayor\u00eda de barras que las personas tienen en sus casas, son de este di\u00e1metro, cuenta con un peso de 2,5Kg cada disco tienen una excelente construcci\u00f3n en hierro fundido, por lo que te brindara gran desempe\u00f1o y durabilidad durante tu entrenamiento.<\/p>\n","protected":false},"excerpt":{"rendered":"<ul>\n<li> &#8211; Material: hierro fundido <\/li>\n<li> &#8211; Di\u00e1metro 20 Cm <\/li>\n<li> &#8211; Ideal para ganar masa muscular <\/li>\n<li> &#8211; Combina resistencia y fuerza <\/li>\n<li> &#8211; Tonifica tus brazos y piernas <\/li>\n<\/ul>\n","protected":false},"featured_media":233499,"template":"","meta":{"_et_pb_use_builder":"","_et_pb_old_content":"","_et_gb_content_width":""},"product_brand":[],"product_cat":[146],"product_tag":[],"class_list":{"0":"post-521","1":"product","2":"type-product","3":"status-publish","4":"has-post-thumbnail","6":"product_cat-discos","8":"first","9":"instock","10":"taxable","11":"shipping-taxable","12":"purchasable","13":"product-type-simple"},"_links":{"self":[{"href":"https:\/\/www.almacenflotablanca.com\/web\/wp-json\/wp\/v2\/product\/521","targetHints":{"allow":["GET"]}}],"collection":[{"href":"https:\/\/www.almacenflotablanca.com\/web\/wp-json\/wp\/v2\/product"}],"about":[{"href":"https:\/\/www.almacenflotablanca.com\/web\/wp-json\/wp\/v2\/types\/product"}],"wp:featuredmedia":[{"embeddable":true,"href":"https:\/\/www.almacenflotablanca.com\/web\/wp-json\/wp\/v2\/media\/233499"}],"wp:attachment":[{"href":"https:\/\/www.almacenflotablanca.com\/web\/wp-json\/wp\/v2\/media?parent=521"}],"wp:term":[{"taxonomy":"product_brand","embeddable":true,"href":"https:\/\/www.almacenflotablanca.com\/web\/wp-json\/wp\/v2\/product_brand?post=521"},{"taxonomy":"product_cat","embeddable":true,"href":"https:\/\/www.almacenflotablanca.com\/web\/wp-json\/wp\/v2\/product_cat?post=521"},{"taxonomy":"product_tag","embeddable":true,"href":"https:\/\/www.almacenflotablanca.com\/web\/wp-json\/wp\/v2\/product_tag?post=521"}],"curies":[{"name":"wp","href":"https:\/\/api.w.org\/{rel}","templated":true}]}}