{"id":607,"date":"2020-02-22T15:45:28","date_gmt":"2020-02-22T20:45:28","guid":{"rendered":"https:\/\/www.almacenflotablanca.com\/web\/?post_type=product&#038;p=607"},"modified":"2026-04-15T16:10:45","modified_gmt":"2026-04-15T21:10:45","slug":"bicicleta-rin-16-gw-stitch-extreme-rojo-con-blanco","status":"publish","type":"product","link":"https:\/\/www.almacenflotablanca.com\/web\/producto\/bicicleta-rin-16-gw-stitch-extreme-rojo-con-blanco\/","title":{"rendered":"Bicicleta Rin 16 Stitch Extreme Gw Roja"},"content":{"rendered":"<p>Bicicleta Rin 16 Stitch Extreme Gw Roja, esta bicicleta viene muy completa, ya que equipada con: cubrecadena, guardafangos, timbre, reflectivos, ruedas auxiliares. Material: Acero, rin: acero, freno: V-brake. Edad:\u00a0De 4 a\u00f1os a 6 a\u00f1os. Bicicleta rin 16 de marco acerado de alta calidad y moderno dise\u00f1o, incluye accesorios: cubrecadena, Guardafangos, Timbre y Rueditas Auxiliares. I La bicicleta es totalmente graduable dependiendo de la estatura de cada ni\u00f1o, al igual que sus componentes de canasta y ruedas, son desmontables para los ni\u00f1os que ya saben manejar bicicleta. Las bicicletas mejoran la capacidad motriz en el desarrollo de los ni\u00f1os.<\/p>\n<p>Nuestras bicicletas cuentan con componentes de excelente calidad, los cuales te brindaran la confianza y seguridad que necesitas, Mu\u00e9vete por donde quieras, por nuestras hermosas monta\u00f1as o por la ciudad, usa tu bicicleta para disfrutar de un d\u00eda de paseo por zonas rurales o para que vayas a tu trabajo, estudio o para que simplemente te diviertas.<\/p>\n","protected":false},"excerpt":{"rendered":"<p>&#8211; Material: Acero<br \/>\n&#8211; Freno: V-brake<br \/>\n&#8211; Edades recomendadas: De 4 a 6 a\u00f1os<br \/>\n&#8211; Avance: De pedal<br \/>\n&#8211; Color: Roja con blanco<\/p>\n","protected":false},"featured_media":234649,"template":"","meta":{"_et_pb_use_builder":"","_et_pb_old_content":"","_et_gb_content_width":""},"product_brand":[],"product_cat":[64],"product_tag":[],"class_list":{"0":"post-607","1":"product","2":"type-product","3":"status-publish","4":"has-post-thumbnail","6":"product_cat-bicicletas-infantiles","8":"first","9":"instock","10":"taxable","11":"shipping-taxable","12":"purchasable","13":"product-type-simple"},"_links":{"self":[{"href":"https:\/\/www.almacenflotablanca.com\/web\/wp-json\/wp\/v2\/product\/607","targetHints":{"allow":["GET"]}}],"collection":[{"href":"https:\/\/www.almacenflotablanca.com\/web\/wp-json\/wp\/v2\/product"}],"about":[{"href":"https:\/\/www.almacenflotablanca.com\/web\/wp-json\/wp\/v2\/types\/product"}],"wp:featuredmedia":[{"embeddable":true,"href":"https:\/\/www.almacenflotablanca.com\/web\/wp-json\/wp\/v2\/media\/234649"}],"wp:attachment":[{"href":"https:\/\/www.almacenflotablanca.com\/web\/wp-json\/wp\/v2\/media?parent=607"}],"wp:term":[{"taxonomy":"product_brand","embeddable":true,"href":"https:\/\/www.almacenflotablanca.com\/web\/wp-json\/wp\/v2\/product_brand?post=607"},{"taxonomy":"product_cat","embeddable":true,"href":"https:\/\/www.almacenflotablanca.com\/web\/wp-json\/wp\/v2\/product_cat?post=607"},{"taxonomy":"product_tag","embeddable":true,"href":"https:\/\/www.almacenflotablanca.com\/web\/wp-json\/wp\/v2\/product_tag?post=607"}],"curies":[{"name":"wp","href":"https:\/\/api.w.org\/{rel}","templated":true}]}}